Last updated on 2023-06-10 00:54:51 CEST.
Flavor | Version | Tinstall | Tcheck | Ttotal | Status | Flags |
---|---|---|---|---|---|---|
r-devel-linux-x86_64-debian-clang | 1.2.1.1 | 33.50 | 90.75 | 124.25 | NOTE | |
r-devel-linux-x86_64-debian-gcc | 1.2.1.1 | 24.36 | 66.42 | 90.78 | NOTE | |
r-devel-linux-x86_64-fedora-clang | 1.2.1.1 | 163.21 | NOTE | |||
r-devel-linux-x86_64-fedora-gcc | 1.2.1.1 | 176.53 | NOTE | |||
r-devel-windows-x86_64 | 1.2.1.1 | 26.00 | 131.00 | 157.00 | NOTE | |
r-patched-linux-x86_64 | 1.2.1.1 | 20.19 | 87.38 | 107.57 | NOTE | |
r-release-linux-x86_64 | 1.2.1.1 | 21.00 | 86.62 | 107.62 | NOTE | |
r-release-macos-arm64 | 1.2.1.1 | 54.00 | NOTE | |||
r-release-macos-x86_64 | 1.2.1.1 | 78.00 | NOTE | |||
r-release-windows-x86_64 | 1.2.1.1 | 35.00 | 126.00 | 161.00 | NOTE | |
r-oldrel-macos-arm64 | 1.2.1.1 | 52.00 | NOTE | |||
r-oldrel-macos-x86_64 | 1.2.1.1 | 76.00 | NOTE | |||
r-oldrel-windows-x86_64 | 1.2.1.1 | 30.00 | 122.00 | 152.00 | NOTE |
Version: 1.2.1.1
Check: LazyData
Result: NOTE
'LazyData' is specified without a 'data' directory
Flavors: r-devel-linux-x86_64-debian-clang, r-devel-linux-x86_64-debian-gcc, r-devel-linux-x86_64-fedora-clang, r-devel-linux-x86_64-fedora-gcc, r-devel-windows-x86_64, r-patched-linux-x86_64, r-release-linux-x86_64, r-release-macos-arm64, r-release-macos-x86_64, r-release-windows-x86_64, r-oldrel-macos-arm64, r-oldrel-macos-x86_64, r-oldrel-windows-x86_64