Last updated on 2024-04-26 16:54:51 CEST.
Flavor | Version | Tinstall | Tcheck | Ttotal | Status | Flags |
---|---|---|---|---|---|---|
r-devel-linux-x86_64-debian-clang | 1.0.16 | 109.40 | 121.22 | 230.62 | OK | |
r-devel-linux-x86_64-debian-gcc | 1.0.16 | 79.35 | 92.25 | 171.60 | OK | |
r-devel-linux-x86_64-fedora-clang | 1.0.16 | 305.40 | OK | |||
r-devel-linux-x86_64-fedora-gcc | 1.0.16 | 300.93 | OK | |||
r-devel-windows-x86_64 | 1.0.16 | 85.00 | 135.00 | 220.00 | OK | |
r-patched-linux-x86_64 | 1.0.16 | 102.55 | 120.77 | 223.32 | OK | |
r-release-linux-x86_64 | 1.0.16 | 101.41 | 117.46 | 218.87 | OK | |
r-release-macos-arm64 | 1.0.16 | 75.00 | NOTE | |||
r-release-macos-x86_64 | 1.0.16 | 150.00 | NOTE | |||
r-release-windows-x86_64 | 1.0.16 | 86.00 | 131.00 | 217.00 | OK | |
r-oldrel-macos-arm64 | 1.0.16 | 86.00 | NOTE | |||
r-oldrel-macos-x86_64 | 1.0.16 | 125.00 | NOTE | |||
r-oldrel-windows-x86_64 | 1.0.16 | 106.00 | 165.00 | 271.00 | OK |
Version: 1.0.16
Check: installed package size
Result: NOTE
installed size is 14.1Mb
sub-directories of 1Mb or more:
data 1.6Mb
libs 12.1Mb
Flavors: r-release-macos-arm64, r-release-macos-x86_64, r-oldrel-macos-arm64, r-oldrel-macos-x86_64