CRAN Package Check Results for Package mrfDepth

Last updated on 2022-06-27 16:52:00 CEST.

Flavor Version Tinstall Tcheck Ttotal Status Flags
r-devel-linux-x86_64-debian-clang 1.0.13 88.58 129.51 218.09 OK
r-devel-linux-x86_64-debian-gcc 1.0.13 71.44 97.43 168.87 OK
r-devel-linux-x86_64-fedora-clang 1.0.13 304.54 NOTE
r-devel-linux-x86_64-fedora-gcc 1.0.13 276.77 OK
r-devel-windows-x86_64 1.0.13 107.00 171.00 278.00 OK
r-patched-linux-x86_64 1.0.13 80.11 120.61 200.72 OK
r-release-linux-x86_64 1.0.13 80.62 120.81 201.43 OK
r-release-macos-arm64 1.0.13 84.00 NOTE
r-release-macos-x86_64 1.0.13 136.00 NOTE
r-release-windows-x86_64 1.0.13 111.00 174.00 285.00 OK
r-oldrel-macos-arm64 1.0.13 97.00 NOTE
r-oldrel-macos-x86_64 1.0.13 146.00 NOTE
r-oldrel-windows-ix86+x86_64 1.0.13 216.00 238.00 454.00 NOTE

Check Details

Version: 1.0.13
Check: installed package size
Result: NOTE
     installed size is 15.5Mb
     sub-directories of 1Mb or more:
     data 1.6Mb
     libs 13.4Mb
Flavors: r-devel-linux-x86_64-fedora-clang, r-release-macos-arm64, r-release-macos-x86_64, r-oldrel-macos-arm64, r-oldrel-macos-x86_64, r-oldrel-windows-ix86+x86_64