Last updated on 2023-12-04 16:53:33 CET.
Flavor | Version | Tinstall | Tcheck | Ttotal | Status | Flags |
---|---|---|---|---|---|---|
r-devel-linux-x86_64-debian-clang | 1.0.0 | 2.16 | 22.43 | 24.59 | NOTE | |
r-devel-linux-x86_64-debian-gcc | 1.0.0 | 1.30 | 17.96 | 19.26 | NOTE | |
r-devel-linux-x86_64-fedora-clang | 1.0.0 | 32.51 | OK | |||
r-devel-linux-x86_64-fedora-gcc | 1.0.0 | 42.61 | OK | |||
r-devel-windows-x86_64 | 1.0.0 | 4.00 | 41.00 | 45.00 | OK | |
r-patched-linux-x86_64 | 1.0.0 | 1.78 | 22.00 | 23.78 | OK | |
r-release-linux-x86_64 | 1.0.0 | 1.93 | 22.42 | 24.35 | OK | |
r-release-macos-arm64 | 1.0.0 | 20.00 | OK | |||
r-release-macos-x86_64 | 1.0.0 | 32.00 | OK | |||
r-release-windows-x86_64 | 1.0.0 | 4.00 | 42.00 | 46.00 | OK | |
r-oldrel-macos-arm64 | 1.0.0 | 20.00 | OK | |||
r-oldrel-macos-x86_64 | 1.0.0 | 22.00 | OK | |||
r-oldrel-windows-x86_64 | 1.0.0 | 3.00 | 45.00 | 48.00 | OK |
Version: 1.0.0
Check: Rd files
Result: NOTE
checkRd: (-1) n.Rd:46: Lost braces in \itemize; \value handles \item{}{} directly
checkRd: (-1) n.Rd:47-48: Lost braces in \itemize; \value handles \item{}{} directly
checkRd: (-1) n.Rd:49-50: Lost braces in \itemize; \value handles \item{}{} directly
Flavors: r-devel-linux-x86_64-debian-clang, r-devel-linux-x86_64-debian-gcc