Last updated on 2024-04-20 08:51:01 CEST.
Flavor | Version | Tinstall | Tcheck | Ttotal | Status | Flags |
---|---|---|---|---|---|---|
r-devel-linux-x86_64-debian-clang | 1.0.5 | 41.26 | 208.27 | 249.53 | OK | |
r-devel-linux-x86_64-debian-gcc | 1.0.5 | 37.35 | 150.35 | 187.70 | OK | |
r-devel-linux-x86_64-fedora-clang | 1.0.5 | 296.90 | OK | |||
r-devel-linux-x86_64-fedora-gcc | 1.0.5 | 341.00 | OK | |||
r-prerel-macos-arm64 | 1.0.5 | 71.00 | NOTE | |||
r-prerel-windows-x86_64 | 1.0.5 | 35.00 | 179.00 | 214.00 | OK | |
r-patched-linux-x86_64 | 1.0.5 | 44.19 | 179.27 | 223.46 | OK | |
r-release-linux-x86_64 | 1.0.5 | 49.09 | 203.87 | 252.96 | OK | |
r-release-macos-arm64 | 1.0.5 | 82.00 | NOTE | |||
r-release-macos-x86_64 | 1.0.5 | 146.00 | NOTE | |||
r-release-windows-x86_64 | 1.0.5 | 40.00 | 228.00 | 268.00 | OK | |
r-oldrel-macos-arm64 | 1.0.5 | 73.00 | NOTE | |||
r-oldrel-windows-x86_64 | 1.0.5 | 42.00 | 210.00 | 252.00 | OK |
Version: 1.0.5
Check: installed package size
Result: NOTE
installed size is 6.5Mb
sub-directories of 1Mb or more:
libs 5.9Mb
Flavors: r-prerel-macos-arm64, r-release-macos-arm64, r-release-macos-x86_64, r-oldrel-macos-arm64