Last updated on 2023-06-10 16:53:41 CEST.
Flavor | Version | Tinstall | Tcheck | Ttotal | Status | Flags |
---|---|---|---|---|---|---|
r-devel-linux-x86_64-debian-clang | 2.3.9 | 43.24 | 111.21 | 154.45 | OK | |
r-devel-linux-x86_64-debian-gcc | 2.3.9 | 34.42 | 85.04 | 119.46 | OK | |
r-devel-linux-x86_64-fedora-clang | 2.3.9 | 193.54 | OK | |||
r-devel-linux-x86_64-fedora-gcc | 2.3.9 | 212.43 | OK | |||
r-devel-windows-x86_64 | 2.3.9 | 34.00 | 144.00 | 178.00 | OK | |
r-patched-linux-x86_64 | 2.3.9 | 35.78 | 106.82 | 142.60 | OK | |
r-release-linux-x86_64 | 2.3.9 | 34.49 | 106.13 | 140.62 | OK | |
r-release-macos-arm64 | 2.3.9 | 80.00 | NOTE | |||
r-release-macos-x86_64 | 2.3.9 | 121.00 | NOTE | |||
r-release-windows-x86_64 | 2.3.9 | 41.00 | 174.00 | 215.00 | OK | |
r-oldrel-macos-arm64 | 2.3.9 | 69.00 | NOTE | |||
r-oldrel-macos-x86_64 | 2.3.9 | 84.00 | NOTE | |||
r-oldrel-windows-x86_64 | 2.3.9 | 40.00 | 166.00 | 206.00 | OK |
Version: 2.3.9
Check: installed package size
Result: NOTE
installed size is 5.2Mb
sub-directories of 1Mb or more:
libs 4.2Mb
Flavors: r-release-macos-arm64, r-release-macos-x86_64, r-oldrel-macos-arm64, r-oldrel-macos-x86_64