CRAN Package Check Results for Package mshap

Last updated on 2021-10-18 04:54:26 CEST.

Flavor Version Tinstall Tcheck Ttotal Status Flags
r-devel-linux-x86_64-debian-clang 0.1.0 2.72 38.72 41.44 OK
r-devel-linux-x86_64-debian-gcc 0.1.0 2.11 29.68 31.79 OK
r-devel-linux-x86_64-fedora-clang 0.1.0 60.05 NOTE
r-devel-linux-x86_64-fedora-gcc 0.1.0 49.02 NOTE
r-devel-windows-x86_64 0.1.0 5.00 62.00 67.00 OK
r-devel-windows-x86_64-gcc10-UCRT 0.1.0 NOTE
r-patched-linux-x86_64 0.1.0 2.75 37.78 40.53 OK
r-patched-solaris-x86 0.1.0 59.40 NOTE
r-release-linux-x86_64 0.1.0 2.66 37.91 40.57 OK
r-release-macos-arm64 0.1.0 NOTE
r-release-macos-x86_64 0.1.0 NOTE
r-release-windows-ix86+x86_64 0.1.0 22.00 58.00 80.00 OK
r-oldrel-macos-x86_64 0.1.0 NOTE
r-oldrel-windows-ix86+x86_64 0.1.0 7.00 62.00 69.00 OK

Check Details

Version: 0.1.0
Check: dependencies in R code
Result: NOTE
    Namespace in Imports field not imported from: ‘tidyselect’
     All declared Imports should be used.
Flavors: r-devel-linux-x86_64-fedora-clang, r-devel-linux-x86_64-fedora-gcc, r-devel-windows-x86_64-gcc10-UCRT, r-patched-solaris-x86, r-release-macos-arm64, r-release-macos-x86_64, r-oldrel-macos-x86_64