CRAN Package Check Results for Package msigdbr

Last updated on 2021-10-22 20:49:07 CEST.

Flavor Version Tinstall Tcheck Ttotal Status Flags
r-devel-linux-x86_64-debian-clang 7.4.1 31.06 243.23 274.29 OK
r-devel-linux-x86_64-debian-gcc 7.4.1 29.42 197.61 227.03 OK
r-devel-linux-x86_64-fedora-clang 7.4.1 343.99 NOTE
r-devel-linux-x86_64-fedora-gcc 7.4.1 341.98 OK
r-devel-windows-x86_64 7.4.1 45.00 347.00 392.00 NOTE
r-devel-windows-x86_64-gcc10-UCRT 7.4.1 OK
r-patched-linux-x86_64 7.4.1 30.71 235.34 266.05 OK
r-patched-solaris-x86 7.4.1 670.90 NOTE
r-release-linux-x86_64 7.4.1 31.13 239.30 270.43 OK
r-release-macos-arm64 7.4.1 NOTE
r-release-macos-x86_64 7.4.1 NOTE
r-release-windows-ix86+x86_64 7.4.1 44.00 322.00 366.00 NOTE
r-oldrel-macos-x86_64 7.4.1 NOTE
r-oldrel-windows-ix86+x86_64 7.4.1 53.00 328.00 381.00 NOTE

Check Details

Version: 7.4.1
Check: installed package size
Result: NOTE
     installed size is 5.9Mb
     sub-directories of 1Mb or more:
     R 5.8Mb
Flavors: r-devel-linux-x86_64-fedora-clang, r-devel-windows-x86_64, r-patched-solaris-x86, r-release-macos-arm64, r-release-macos-x86_64, r-release-windows-ix86+x86_64, r-oldrel-macos-x86_64, r-oldrel-windows-ix86+x86_64