Last updated on 2024-03-28 23:55:12 CET.
Flavor | Version | Tinstall | Tcheck | Ttotal | Status | Flags |
---|---|---|---|---|---|---|
r-devel-linux-x86_64-debian-clang | 1.3.3 | 3.21 | 53.12 | 56.33 | NOTE | |
r-devel-linux-x86_64-debian-gcc | 1.3.3 | 2.30 | 38.64 | 40.94 | NOTE | |
r-devel-linux-x86_64-fedora-clang | 1.3.3 | 71.94 | NOTE | |||
r-devel-linux-x86_64-fedora-gcc | 1.3.3 | 81.98 | NOTE | |||
r-devel-windows-x86_64 | 1.3.3 | 4.00 | 60.00 | 64.00 | NOTE | |
r-patched-linux-x86_64 | 1.3.3 | 3.29 | 50.63 | 53.92 | NOTE | |
r-release-linux-x86_64 | 1.3.3 | 3.35 | 49.66 | 53.01 | NOTE | |
r-release-macos-arm64 | 1.3.3 | 31.00 | NOTE | |||
r-release-macos-x86_64 | 1.3.3 | 47.00 | NOTE | |||
r-release-windows-x86_64 | 1.3.3 | 4.00 | 69.00 | 73.00 | NOTE | |
r-oldrel-macos-arm64 | 1.3.3 | 26.00 | NOTE | |||
r-oldrel-windows-x86_64 | 1.3.3 | 6.00 | 71.00 | 77.00 | NOTE |
Version: 1.3.3
Check: LazyData
Result: NOTE
'LazyData' is specified without a 'data' directory
Flavors: r-devel-linux-x86_64-debian-clang, r-devel-linux-x86_64-debian-gcc, r-devel-linux-x86_64-fedora-clang, r-devel-linux-x86_64-fedora-gcc, r-devel-windows-x86_64, r-patched-linux-x86_64, r-release-linux-x86_64, r-release-macos-arm64, r-release-macos-x86_64, r-release-windows-x86_64, r-oldrel-macos-arm64, r-oldrel-windows-x86_64