CRAN Package Check Results for Package mstrio

Last updated on 2021-09-24 20:48:52 CEST.

Flavor Version Tinstall Tcheck Ttotal Status Flags
r-devel-linux-x86_64-debian-clang 11.3.0.1 13.05 50.47 63.52 NOTE
r-devel-linux-x86_64-debian-gcc 11.3.0.1 10.78 38.55 49.33 NOTE
r-devel-linux-x86_64-fedora-clang 11.3.0.1 84.58 NOTE
r-devel-linux-x86_64-fedora-gcc 11.3.0.1 76.91 NOTE
r-devel-windows-x86_64 11.3.0.1 13.00 52.00 65.00 NOTE
r-devel-windows-x86_64-gcc10-UCRT 11.3.0.1 NOTE
r-patched-linux-x86_64 11.3.0.1 14.18 47.75 61.93 NOTE
r-patched-solaris-x86 11.3.0.1 106.30 NOTE
r-release-linux-x86_64 11.3.0.1 10.00 47.87 57.87 NOTE
r-release-macos-arm64 11.3.0.1 NOTE
r-release-macos-x86_64 11.3.0.1 NOTE
r-release-windows-ix86+x86_64 11.3.0.1 23.00 51.00 74.00 NOTE
r-oldrel-macos-x86_64 11.3.0.1 NOTE
r-oldrel-windows-ix86+x86_64 11.3.0.1 16.00 53.00 69.00 OK

Check Details

Version: 11.3.0.1
Check: LazyData
Result: NOTE
     'LazyData' is specified without a 'data' directory
Flavors: r-devel-linux-x86_64-debian-clang, r-devel-linux-x86_64-debian-gcc, r-devel-linux-x86_64-fedora-clang, r-devel-linux-x86_64-fedora-gcc, r-devel-windows-x86_64, r-devel-windows-x86_64-gcc10-UCRT, r-patched-linux-x86_64, r-patched-solaris-x86, r-release-linux-x86_64, r-release-macos-arm64, r-release-macos-x86_64, r-release-windows-ix86+x86_64

Version: 11.3.0.1
Check: dependencies in R code
Result: NOTE
    Namespace in Imports field not imported from: ‘methods’
     All declared Imports should be used.
Flavors: r-devel-linux-x86_64-fedora-clang, r-devel-linux-x86_64-fedora-gcc, r-devel-windows-x86_64-gcc10-UCRT, r-patched-solaris-x86, r-release-macos-arm64, r-release-macos-x86_64, r-oldrel-macos-x86_64

Version: 11.3.0.1
Check: installed package size
Result: NOTE
     installed size is 5.0Mb
     sub-directories of 1Mb or more:
     www 4.4Mb
Flavor: r-patched-solaris-x86