CRAN Package Check Results for Package mtb

Last updated on 2024-06-24 08:50:02 CEST.

Flavor Version Tinstall Tcheck Ttotal Status Flags
r-devel-linux-x86_64-debian-clang 0.1.8 5.28 99.21 104.49 NOTE
r-devel-linux-x86_64-debian-gcc 0.1.8 6.11 74.78 80.89 NOTE
r-devel-linux-x86_64-fedora-clang 0.1.8 134.47 NOTE
r-devel-linux-x86_64-fedora-gcc 0.1.8 140.33 NOTE
r-devel-windows-x86_64 0.1.8 7.00 89.00 96.00 NOTE
r-patched-linux-x86_64 0.1.8 4.94 96.60 101.54 NOTE
r-release-linux-x86_64 0.1.8 7.78 96.61 104.39 NOTE
r-release-macos-arm64 0.1.8 48.00 NOTE
r-release-macos-x86_64 0.1.8 75.00 NOTE
r-release-windows-x86_64 0.1.8 8.00 90.00 98.00 NOTE
r-oldrel-macos-arm64 0.1.8 51.00 OK
r-oldrel-macos-x86_64 0.1.8 66.00 OK
r-oldrel-windows-x86_64 0.1.8 10.00 101.00 111.00 OK

Check Details

Version: 0.1.8
Check: Rd files
Result: NOTE checkRd: (-1) time_plot_event.Rd:12: Lost braces in \itemize; meant \describe ? checkRd: (-1) time_plot_event.Rd:13: Lost braces in \itemize; meant \describe ? checkRd: (-1) time_plot_event.Rd:14: Lost braces in \itemize; meant \describe ? checkRd: (-1) time_plot_event.Rd:15: Lost braces in \itemize; meant \describe ? checkRd: (-1) time_plot_event.Rd:16: Lost braces in \itemize; meant \describe ? checkRd: (-1) time_plot_event.Rd:17: Lost braces in \itemize; meant \describe ? checkRd: (-1) time_plot_event.Rd:18: Lost braces in \itemize; meant \describe ? checkRd: (-1) time_plot_event.Rd:19: Lost braces in \itemize; meant \describe ? checkRd: (-1) time_plot_interval.Rd:19: Lost braces in \itemize; meant \describe ? checkRd: (-1) time_plot_interval.Rd:20: Lost braces in \itemize; meant \describe ? checkRd: (-1) time_plot_interval.Rd:21: Lost braces in \itemize; meant \describe ? checkRd: (-1) time_plot_interval.Rd:22: Lost braces in \itemize; meant \describe ? checkRd: (-1) time_plot_interval.Rd:23: Lost braces in \itemize; meant \describe ? Flavors: r-devel-linux-x86_64-debian-clang, r-devel-linux-x86_64-debian-gcc, r-devel-linux-x86_64-fedora-clang, r-devel-linux-x86_64-fedora-gcc, r-devel-windows-x86_64, r-patched-linux-x86_64, r-release-linux-x86_64, r-release-macos-arm64, r-release-macos-x86_64, r-release-windows-x86_64