CRAN Package Check Results for Package mudata2

Last updated on 2021-10-28 00:48:51 CEST.

Flavor Version Tinstall Tcheck Ttotal Status Flags
r-devel-linux-x86_64-debian-clang 1.1.2 7.12 137.77 144.89 OK
r-devel-linux-x86_64-debian-gcc 1.1.2 5.63 102.00 107.63 OK
r-devel-linux-x86_64-fedora-clang 1.1.2 179.27 NOTE
r-devel-linux-x86_64-fedora-gcc 1.1.2 168.61 NOTE
r-devel-windows-x86_64 1.1.2 14.00 127.00 141.00 ERROR
r-devel-windows-x86_64-gcc10-UCRT 1.1.2 ERROR
r-patched-linux-x86_64 1.1.2 6.99 131.38 138.37 OK
r-patched-solaris-x86 1.1.2 196.30 NOTE
r-release-linux-x86_64 1.1.2 5.97 131.59 137.56 OK
r-release-macos-arm64 1.1.2 NOTE
r-release-macos-x86_64 1.1.2 NOTE
r-release-windows-ix86+x86_64 1.1.2 12.00 187.00 199.00 ERROR
r-oldrel-macos-x86_64 1.1.2 NOTE
r-oldrel-windows-ix86+x86_64 1.1.2 12.00 160.00 172.00 ERROR

Check Details

Version: 1.1.2
Check: dependencies in R code
Result: NOTE
    Namespace in Imports field not imported from: ‘ggplot2’
     All declared Imports should be used.
Flavors: r-devel-linux-x86_64-fedora-clang, r-devel-linux-x86_64-fedora-gcc, r-devel-windows-x86_64-gcc10-UCRT, r-patched-solaris-x86, r-release-macos-arm64, r-release-macos-x86_64, r-oldrel-macos-x86_64

Version: 1.1.2
Check: tests
Result: ERROR
     Running 'test-all.R' [56s]
    Running the tests in 'tests/test-all.R' failed.
    Complete output:
     >
     > library(testthat)
     >
     > test_check("mudata2")
     Loading required package: mudata2
    
     Attaching package: 'mudata2'
    
     The following object is masked from 'package:testthat':
    
     matches
    
     OGR: Unsupported geometry type
     OGR: Unsupported geometry type
     OGR: Unsupported geometry type
     OGR: Unsupported geometry type
     OGR: Unsupported geometry type
     == Skipped tests ===============================================================
     * On CRAN (2)
    
     == Failed tests ================================================================
     -- Error (test-mudata-io.R:114:3): type strs are guessed when inappropriate columns exist in columns tbl --
     Error: Error writing mudata to CSV:
     _mudata.csv: Error : Cannot open file for writing:
     * 'D:\temp\Rtmp06fFkZ\file17f9c2ca527c2\_mudata.csv'
    
     Backtrace:
     x
     1. \-mudata2::write_mudata_dir(...) test-mudata-io.R:114:2
    
     [ FAIL 1 | WARN 1 | SKIP 2 | PASS 891 ]
     Error: Test failures
     Execution halted
Flavor: r-devel-windows-x86_64

Version: 1.1.2
Check: tests
Result: ERROR
     Running 'test-all.R'
    Running the tests in 'tests/test-all.R' failed.
    Complete output:
     >
     > library(testthat)
     >
     > test_check("mudata2")
     Loading required package: mudata2
    
     Attaching package: 'mudata2'
    
     The following object is masked from 'package:testthat':
    
     matches
    
     OGR: Unsupported geometry type
     OGR: Unsupported geometry type
     OGR: Unsupported geometry type
     OGR: Unsupported geometry type
     OGR: Unsupported geometry type
     ══ Skipped tests ═══════════════════════════════════════════════════════════════
     • On CRAN (2)
    
     ══ Failed tests ════════════════════════════════════════════════════════════════
     ── Error (test-mudata-io.R:114:3): type strs are guessed when inappropriate columns exist in columns tbl ──
     Error: Error writing mudata to CSV:
     _mudata.csv: Error : Cannot open file for writing:
     * 'C:\r_packages\pkgcheck\CRAN\mudata2\tmp\Rtmp8GoBA7\file1699c3f62526c\_mudata.csv'
    
     Backtrace:
     █
     1. └─mudata2::write_mudata_dir(...) test-mudata-io.R:114:2
    
     [ FAIL 1 | WARN 1 | SKIP 2 | PASS 891 ]
     Error: Test failures
     Execution halted
Flavor: r-devel-windows-x86_64-gcc10-UCRT

Version: 1.1.2
Check: tests
Result: ERROR
     Running 'test-all.R' [88s]
    Running the tests in 'tests/test-all.R' failed.
    Complete output:
     >
     > library(testthat)
     >
     > test_check("mudata2")
     Loading required package: mudata2
    
     Attaching package: 'mudata2'
    
     The following object is masked from 'package:testthat':
    
     matches
    
     OGR: Unsupported geometry type
     OGR: Unsupported geometry type
     OGR: Unsupported geometry type
     OGR: Unsupported geometry type
     OGR: Unsupported geometry type
     == Skipped tests ===============================================================
     * On CRAN (2)
    
     == Failed tests ================================================================
     -- Error (test-mudata-io.R:114:3): type strs are guessed when inappropriate columns exist in columns tbl --
     Error: Error writing mudata to CSV:
     _mudata.csv: Error : Cannot open file for writing:
     * 'D:\temp\RtmpoBW0aS\file5838732f39e8\_mudata.csv'
    
     Backtrace:
     x
     1. \-mudata2::write_mudata_dir(...) test-mudata-io.R:114:2
    
     [ FAIL 1 | WARN 1 | SKIP 2 | PASS 891 ]
     Error: Test failures
     Execution halted
Flavor: r-release-windows-ix86+x86_64

Version: 1.1.2
Check: tests
Result: ERROR
     Running 'test-all.R' [75s]
    Running the tests in 'tests/test-all.R' failed.
    Complete output:
     >
     > library(testthat)
     >
     > test_check("mudata2")
     Loading required package: mudata2
    
     Attaching package: 'mudata2'
    
     The following object is masked from 'package:testthat':
    
     matches
    
     OGR: Unsupported geometry type
     OGR: Unsupported geometry type
     OGR: Unsupported geometry type
     OGR: Unsupported geometry type
     OGR: Unsupported geometry type
     == Skipped tests ===============================================================
     * On CRAN (2)
    
     == Failed tests ================================================================
     -- Error (test-mudata-io.R:114:3): type strs are guessed when inappropriate columns exist in columns tbl --
     Error: Error writing mudata to CSV:
     _mudata.csv: Error : Cannot open file for writing:
     * 'D:\temp\Rtmpk3Y5cQ\file1bafc14ca58b5\_mudata.csv'
    
     Backtrace:
     x
     1. \-mudata2::write_mudata_dir(...) test-mudata-io.R:114:2
    
     [ FAIL 1 | WARN 1 | SKIP 2 | PASS 891 ]
     Error: Test failures
     Execution halted
Flavor: r-oldrel-windows-ix86+x86_64