Last updated on 2024-03-28 23:55:12 CET.
Flavor | Version | Tinstall | Tcheck | Ttotal | Status | Flags |
---|---|---|---|---|---|---|
r-devel-linux-x86_64-debian-clang | 1.2.2 | 16.20 | 148.06 | 164.26 | NOTE | |
r-devel-linux-x86_64-debian-gcc | 1.2.2 | 12.61 | 108.99 | 121.60 | NOTE | |
r-devel-linux-x86_64-fedora-clang | 1.2.2 | 200.27 | NOTE | |||
r-devel-linux-x86_64-fedora-gcc | 1.2.2 | 211.53 | NOTE | |||
r-devel-windows-x86_64 | 1.2.2 | 13.00 | 116.00 | 129.00 | NOTE | |
r-patched-linux-x86_64 | 1.2.2 | 21.20 | 141.80 | 163.00 | NOTE | |
r-release-linux-x86_64 | 1.2.2 | 10.74 | 125.34 | 136.08 | OK | |
r-release-macos-arm64 | 1.2.2 | 59.00 | OK | |||
r-release-macos-x86_64 | 1.2.2 | 96.00 | OK | |||
r-release-windows-x86_64 | 1.2.2 | 17.00 | 146.00 | 163.00 | OK | |
r-oldrel-macos-arm64 | 1.2.2 | 74.00 | OK | |||
r-oldrel-windows-x86_64 | 1.2.2 | 18.00 | 150.00 | 168.00 | OK |
Version: 1.2.2
Check: Rd files
Result: NOTE
checkRd: (-1) PPCA.Rd:35: Lost braces
35 | Returns an object of class 'pcaRes.' See documentation in the package code{\link[pcaMethods:pcaMethods]{ pcaMethods}}
| ^
Flavors: r-devel-linux-x86_64-debian-clang, r-devel-linux-x86_64-debian-gcc, r-devel-linux-x86_64-fedora-clang, r-devel-linux-x86_64-fedora-gcc, r-devel-windows-x86_64, r-patched-linux-x86_64