Last updated on 2023-12-04 00:52:48 CET.
Flavor | Version | Tinstall | Tcheck | Ttotal | Status | Flags |
---|---|---|---|---|---|---|
r-devel-linux-x86_64-debian-clang | 0.8.7 | 54.97 | 274.08 | 329.05 | OK | |
r-devel-linux-x86_64-debian-gcc | 0.8.7 | 39.94 | 216.35 | 256.29 | OK | |
r-devel-linux-x86_64-fedora-clang | 0.8.7 | 419.16 | OK | |||
r-devel-linux-x86_64-fedora-gcc | 0.8.7 | 456.44 | OK | |||
r-devel-windows-x86_64 | 0.8.7 | 46.00 | 244.00 | 290.00 | OK | |
r-patched-linux-x86_64 | 0.8.7 | 43.19 | 262.93 | 306.12 | OK | |
r-release-linux-x86_64 | 0.8.7 | 40.48 | 270.65 | 311.13 | OK | |
r-release-macos-arm64 | 0.8.7 | 116.00 | NOTE | |||
r-release-macos-x86_64 | 0.8.7 | 251.00 | NOTE | |||
r-release-windows-x86_64 | 0.8.7 | 61.00 | 303.00 | 364.00 | OK | |
r-oldrel-macos-arm64 | 0.8.7 | 128.00 | NOTE | |||
r-oldrel-macos-x86_64 | 0.8.6 | 143.00 | ERROR | |||
r-oldrel-windows-x86_64 | 0.8.7 | 55.00 | 303.00 | 358.00 | OK |
Version: 0.8.7
Check: installed package size
Result: NOTE
installed size is 6.9Mb
sub-directories of 1Mb or more:
doc 1.5Mb
libs 4.1Mb
Flavors: r-release-macos-arm64, r-release-macos-x86_64, r-oldrel-macos-arm64
Version: 0.8.6
Check: installed package size
Result: NOTE
installed size is 7.1Mb
sub-directories of 1Mb or more:
doc 1.5Mb
libs 4.3Mb
Flavor: r-oldrel-macos-x86_64
Version: 0.8.6
Check: examples
Result: ERROR
Running examples in ‘multiblock-Ex.R’ failed
The error most likely occurred in:
> ### Name: basic
> ### Title: Single- and Two-Block Methods
> ### Aliases: basic
>
> ### ** Examples
>
> data(potato)
> X <- potato$Chemical
> y <- potato$Sensory[,1,drop=FALSE]
>
> pca.pot <- pca(X, ncomp = 2)
> pcr.pot <- pcr(y ~ X, ncomp = 2)
> pls.pot <- plsr(y ~ X, ncomp = 2)
> cca.pot <- cca(potato[1:2])
> ifa.pot <- ifa(potato[1:2])
Error in RGCCA::rgcca(blocks = X, connection = matrix(c(0, 1, 1, 0), 2, :
unused arguments (blocks = X, connection = matrix(c(0, 1, 1, 0), 2, 2))
Calls: ifa
Execution halted
Flavor: r-oldrel-macos-x86_64
Version: 0.8.6
Check: re-building of vignette outputs
Result: ERROR
Error(s) in re-building vignettes:
--- re-building ‘vignette_A_data.Rmd’ using rmarkdown
--- finished re-building ‘vignette_A_data.Rmd’
--- re-building ‘vignette_B_basic.Rmd’ using rmarkdown
Quitting from lines 66-79 [unnamed-chunk-3] (vignette_B_basic.Rmd)
Error: processing vignette 'vignette_B_basic.Rmd' failed with diagnostics:
unused arguments (blocks = X, connection = matrix(c(0, 1, 1, 0), 2, 2))
--- failed re-building ‘vignette_B_basic.Rmd’
--- re-building ‘vignette_C_unsupervised.Rmd’ using rmarkdown
Quitting from lines 82-97 [unnamed-chunk-3] (vignette_C_unsupervised.Rmd)
Error: processing vignette 'vignette_C_unsupervised.Rmd' failed with diagnostics:
unused arguments (blocks = X, connection = C)
--- failed re-building ‘vignette_C_unsupervised.Rmd’
--- re-building ‘vignette_D_asca.Rmd’ using rmarkdown
--- finished re-building ‘vignette_D_asca.Rmd’
--- re-building ‘vignette_E_supervised.Rmd’ using rmarkdown
--- finished re-building ‘vignette_E_supervised.Rmd’
--- re-building ‘vignette_F_complex.Rmd’ using rmarkdown
--- finished re-building ‘vignette_F_complex.Rmd’
SUMMARY: processing the following files failed:
‘vignette_B_basic.Rmd’ ‘vignette_C_unsupervised.Rmd’
Error: Vignette re-building failed.
Execution halted
Flavor: r-oldrel-macos-x86_64