Last updated on 2023-12-07 16:49:38 CET.
Flavor | Version | Tinstall | Tcheck | Ttotal | Status | Flags |
---|---|---|---|---|---|---|
r-devel-linux-x86_64-debian-clang | 1.3 | 196.68 | 84.80 | 281.48 | OK | |
r-devel-linux-x86_64-debian-gcc | 1.4 | 131.70 | 62.90 | 194.60 | OK | |
r-devel-linux-x86_64-fedora-clang | 1.4 | 194.23 | OK | |||
r-devel-linux-x86_64-fedora-gcc | 1.4 | 382.65 | OK | |||
r-devel-windows-x86_64 | 1.4 | 101.00 | 101.00 | 202.00 | OK | |
r-patched-linux-x86_64 | 1.4 | 136.61 | 78.85 | 215.46 | OK | |
r-release-linux-x86_64 | 1.3 | 118.64 | 78.49 | 197.13 | OK | |
r-release-macos-arm64 | 1.4 | 79.00 | NOTE | |||
r-release-macos-x86_64 | 1.4 | 132.00 | NOTE | |||
r-release-windows-x86_64 | 1.4 | 109.00 | 121.00 | 230.00 | OK | |
r-oldrel-macos-arm64 | 1.4 | 84.00 | NOTE | |||
r-oldrel-macos-x86_64 | 1.2 | 97.00 | NOTE | |||
r-oldrel-windows-x86_64 | 1.3 | 158.00 | 119.00 | 277.00 | OK |
Version: 1.4
Check: installed package size
Result: NOTE
installed size is 13.0Mb
sub-directories of 1Mb or more:
libs 11.9Mb
Flavors: r-release-macos-arm64, r-release-macos-x86_64, r-oldrel-macos-arm64
Version: 1.2
Check: installed package size
Result: NOTE
installed size is 11.2Mb
sub-directories of 1Mb or more:
libs 10.2Mb
Flavor: r-oldrel-macos-x86_64