Last updated on 2023-10-04 00:58:30 CEST.
Flavor | Version | Tinstall | Tcheck | Ttotal | Status | Flags |
---|---|---|---|---|---|---|
r-devel-linux-x86_64-debian-clang | 1.2.1 | 40.38 | 377.13 | 417.51 | NOTE | |
r-devel-linux-x86_64-debian-gcc | 1.2.1 | 30.24 | 273.63 | 303.87 | NOTE | |
r-devel-linux-x86_64-fedora-clang | 1.2.1 | 516.58 | NOTE | |||
r-devel-linux-x86_64-fedora-gcc | 1.2.1 | 498.29 | NOTE | |||
r-devel-windows-x86_64 | 1.2.1 | 36.00 | 266.00 | 302.00 | NOTE | |
r-patched-linux-x86_64 | 1.2.1 | 43.41 | 348.18 | 391.59 | NOTE | |
r-release-linux-x86_64 | 1.2.1 | 33.71 | 347.91 | 381.62 | NOTE | |
r-release-macos-arm64 | 1.2.1 | 92.00 | NOTE | |||
r-release-macos-x86_64 | 1.2.1 | 225.00 | NOTE | |||
r-release-windows-x86_64 | 1.2.1 | 43.00 | 330.00 | 373.00 | NOTE | |
r-oldrel-macos-arm64 | 1.2.1 | 96.00 | NOTE | |||
r-oldrel-macos-x86_64 | 1.2.1 | 133.00 | NOTE | |||
r-oldrel-windows-x86_64 | 1.2.1 | 43.00 | 322.00 | 365.00 | NOTE |
Version: 1.2.1
Check: package dependencies
Result: NOTE
Package suggested but not available for checking: ‘cmdstanr’
Flavors: r-devel-linux-x86_64-debian-clang, r-devel-linux-x86_64-debian-gcc, r-devel-linux-x86_64-fedora-clang, r-devel-linux-x86_64-fedora-gcc, r-devel-windows-x86_64, r-patched-linux-x86_64, r-release-linux-x86_64, r-release-macos-arm64, r-release-macos-x86_64, r-release-windows-x86_64, r-oldrel-macos-arm64, r-oldrel-macos-x86_64, r-oldrel-windows-x86_64
Version: 1.2.1
Check: installed package size
Result: NOTE
installed size is 6.7Mb
sub-directories of 1Mb or more:
doc 6.4Mb
Flavors: r-devel-linux-x86_64-fedora-clang, r-devel-windows-x86_64, r-release-macos-arm64, r-release-macos-x86_64, r-release-windows-x86_64, r-oldrel-macos-arm64, r-oldrel-macos-x86_64, r-oldrel-windows-x86_64
Version: 1.2.1
Check: Rd cross-references
Result: NOTE
Undeclared packages ‘shiny’, ‘shinystan’, ‘gtable’ in Rd xrefs
Flavor: r-devel-linux-x86_64-fedora-clang