CRAN Package Check Results for Package multimorbidity

Last updated on 2023-05-28 22:00:16 CEST.

Flavor Version Tinstall Tcheck Ttotal Status Flags
r-devel-linux-x86_64-debian-clang 0.5.1 10.18 55.84 66.02 OK
r-devel-linux-x86_64-debian-gcc 0.5.1 7.74 42.07 49.81 OK
r-devel-linux-x86_64-fedora-clang 0.5.1 80.52 NOTE
r-devel-linux-x86_64-fedora-gcc 0.5.1 87.08 NOTE
r-devel-windows-x86_64 0.5.1 10.00 60.00 70.00 OK
r-patched-linux-x86_64 0.5.1 7.00 52.48 59.48 OK
r-release-linux-x86_64 0.5.1 6.09 51.72 57.81 OK
r-release-macos-arm64 0.5.1 35.00 OK
r-release-macos-x86_64 0.5.1 51.00 OK
r-release-windows-x86_64 0.5.1 12.00 68.00 80.00 OK
r-oldrel-macos-arm64 0.5.1 30.00 OK
r-oldrel-macos-x86_64 0.5.1 46.00 OK
r-oldrel-windows-x86_64 0.5.1 12.00 70.00 82.00 OK

Check Details

Version: 0.5.1
Check: data for non-ASCII characters
Result: NOTE
     Note: found 15 marked UTF-8 strings
Flavors: r-devel-linux-x86_64-fedora-clang, r-devel-linux-x86_64-fedora-gcc