Last updated on 2024-04-19 01:04:43 CEST.
Flavor | Version | Tinstall | Tcheck | Ttotal | Status | Flags |
---|---|---|---|---|---|---|
r-devel-linux-x86_64-debian-clang | 4.1.2 | 744.55 | 57.05 | 801.60 | NOTE | |
r-devel-linux-x86_64-debian-gcc | 4.1.2 | 799.62 | 42.74 | 842.36 | NOTE | |
r-devel-linux-x86_64-fedora-clang | 4.1.2 | 1303.16 | NOTE | |||
r-devel-linux-x86_64-fedora-gcc | 4.1.2 | 1568.79 | NOTE | |||
r-prerel-macos-arm64 | 4.1.2 | 264.00 | NOTE | |||
r-prerel-windows-x86_64 | 4.1.2 | 692.00 | 113.00 | 805.00 | NOTE | |
r-patched-linux-x86_64 | 4.1.2 | 987.92 | 54.17 | 1042.09 | NOTE | |
r-release-linux-x86_64 | 4.1.2 | 963.53 | 53.13 | 1016.66 | NOTE | |
r-release-macos-arm64 | 4.1.2 | 355.00 | NOTE | |||
r-release-macos-x86_64 | 4.1.2 | 595.00 | NOTE | |||
r-release-windows-x86_64 | 4.1.2 | 869.00 | 135.00 | 1004.00 | NOTE | |
r-oldrel-macos-arm64 | 4.1.2 | 307.00 | NOTE | |||
r-oldrel-windows-x86_64 | 4.1.2 | 822.00 | 133.00 | 955.00 | OK |
Version: 4.1.2
Check: C++ specification
Result: NOTE
Specified C++14: please drop specification unless essential
Flavors: r-devel-linux-x86_64-debian-clang, r-devel-linux-x86_64-debian-gcc, r-devel-linux-x86_64-fedora-clang, r-devel-linux-x86_64-fedora-gcc, r-prerel-macos-arm64, r-prerel-windows-x86_64, r-patched-linux-x86_64, r-release-linux-x86_64, r-release-macos-arm64, r-release-macos-x86_64, r-release-windows-x86_64
Version: 4.1.2
Check: Rd files
Result: NOTE
checkRd: (-1) LayerMeasures.Rd:24: Lost braces in \itemize; meant \describe ?
checkRd: (-1) LayerMeasures.Rd:25: Lost braces in \itemize; meant \describe ?
checkRd: (-1) LayerMeasures.Rd:26: Lost braces in \itemize; meant \describe ?
checkRd: (-1) Plot.Rd:38: Lost braces; missing escapes or markup?
38 | \item{vertex.shape}{Symbol to use for nodes, corresponding to the parameter {pch} of the R \code{points} function. This can either
| ^
Flavors: r-devel-linux-x86_64-debian-clang, r-devel-linux-x86_64-debian-gcc, r-devel-linux-x86_64-fedora-clang, r-devel-linux-x86_64-fedora-gcc, r-prerel-macos-arm64, r-prerel-windows-x86_64, r-patched-linux-x86_64
Version: 4.1.2
Check: installed package size
Result: NOTE
installed size is 85.6Mb
sub-directories of 1Mb or more:
libs 85.4Mb
Flavors: r-prerel-macos-arm64, r-release-macos-arm64, r-release-macos-x86_64, r-oldrel-macos-arm64