Last updated on 2023-06-11 01:01:20 CEST.
Flavor | Version | Tinstall | Tcheck | Ttotal | Status | Flags |
---|---|---|---|---|---|---|
r-devel-linux-x86_64-debian-clang | 0.5.1 | 1063.11 | 405.13 | 1468.24 | NOTE | |
r-devel-linux-x86_64-debian-gcc | 0.5.1 | 890.57 | 349.15 | 1239.72 | NOTE | |
r-devel-linux-x86_64-fedora-clang | 0.5.1 | 1624.17 | NOTE | |||
r-devel-linux-x86_64-fedora-gcc | 0.5.1 | 2200.30 | NOTE | |||
r-devel-windows-x86_64 | 0.5.1 | 675.00 | 363.00 | 1038.00 | NOTE | |
r-patched-linux-x86_64 | 0.5.1 | 846.02 | 448.78 | 1294.80 | NOTE | |
r-release-linux-x86_64 | 0.5.1 | 683.59 | 445.00 | 1128.59 | NOTE | |
r-release-macos-arm64 | 0.5.1 | 550.00 | NOTE | |||
r-release-macos-x86_64 | 0.5.0 | 904.00 | NOTE | |||
r-release-windows-x86_64 | 0.5.1 | 903.00 | 513.00 | 1416.00 | NOTE | |
r-oldrel-macos-arm64 | 0.5.1 | 550.00 | NOTE | |||
r-oldrel-macos-x86_64 | 0.5.1 | 632.00 | NOTE | |||
r-oldrel-windows-x86_64 | 0.5.1 | 867.00 | 484.00 | 1351.00 | NOTE |
Version: 0.5.1
Check: for GNU extensions in Makefiles
Result: NOTE
GNU make is a SystemRequirements.
Flavors: r-devel-linux-x86_64-debian-clang, r-devel-linux-x86_64-debian-gcc, r-devel-linux-x86_64-fedora-clang, r-devel-linux-x86_64-fedora-gcc, r-devel-windows-x86_64, r-patched-linux-x86_64, r-release-linux-x86_64, r-release-macos-arm64, r-release-windows-x86_64, r-oldrel-macos-arm64, r-oldrel-macos-x86_64, r-oldrel-windows-x86_64
Version: 0.5.1
Check: package dependencies
Result: NOTE
Imports includes 22 non-default packages.
Importing from so many packages makes the package vulnerable to any of
them becoming unavailable. Move as many as possible to Suggests and
use conditionally.
Flavor: r-devel-linux-x86_64-fedora-clang
Version: 0.5.1
Check: installed package size
Result: NOTE
installed size is 14.8Mb
sub-directories of 1Mb or more:
doc 4.0Mb
libs 9.3Mb
Flavors: r-devel-linux-x86_64-fedora-clang, r-devel-windows-x86_64, r-release-macos-arm64, r-release-windows-x86_64, r-oldrel-macos-arm64, r-oldrel-macos-x86_64, r-oldrel-windows-x86_64
Version: 0.5.0
Check: installed package size
Result: NOTE
installed size is 122.1Mb
sub-directories of 1Mb or more:
doc 4.0Mb
libs 116.7Mb
Flavor: r-release-macos-x86_64
Version: 0.5.0
Check: for GNU extensions in Makefiles
Result: NOTE
GNU make is a SystemRequirements.
Flavor: r-release-macos-x86_64