Last updated on 2023-06-02 18:52:50 CEST.
Flavor | Version | Tinstall | Tcheck | Ttotal | Status | Flags |
---|---|---|---|---|---|---|
r-devel-linux-x86_64-debian-clang | 2.1.2 | 6.99 | 89.32 | 96.31 | OK | |
r-devel-linux-x86_64-debian-gcc | 2.1.2 | 5.86 | 66.06 | 71.92 | OK | |
r-devel-linux-x86_64-fedora-clang | 2.1.2 | 121.83 | OK | |||
r-devel-linux-x86_64-fedora-gcc | 2.1.2 | 122.06 | OK | |||
r-devel-windows-x86_64 | 2.1.2 | 8.00 | 92.00 | 100.00 | OK | |
r-patched-linux-x86_64 | 2.1.2 | OK | ||||
r-release-linux-x86_64 | 2.1.2 | 6.50 | 81.67 | 88.17 | OK | |
r-release-macos-arm64 | 2.1.2 | 49.00 | OK | |||
r-release-macos-x86_64 | 2.1.2 | 62.00 | OK | |||
r-release-windows-x86_64 | 2.1.2 | 9.00 | 109.00 | 118.00 | OK | |
r-oldrel-macos-arm64 | 2.1.2 | 42.00 | NOTE | |||
r-oldrel-macos-x86_64 | 2.1.2 | 70.00 | OK | |||
r-oldrel-windows-x86_64 | 2.1.2 | 11.00 | 108.00 | 119.00 | OK |
Version: 2.1.2
Check: package dependencies
Result: NOTE
Package suggested but not available for checking: ‘ComplexHeatmap’
Flavor: r-oldrel-macos-arm64
Version: 2.1.2
Check: Rd cross-references
Result: NOTE
Package unavailable to check Rd xrefs: ‘ComplexHeatmap’
Flavor: r-oldrel-macos-arm64