Last updated on 2024-05-10 00:55:11 CEST.
Flavor | Version | Tinstall | Tcheck | Ttotal | Status | Flags |
---|---|---|---|---|---|---|
r-devel-linux-x86_64-debian-clang | 0.1.4 | 11.18 | 180.68 | 191.86 | OK | |
r-devel-linux-x86_64-debian-gcc | 0.1.4 | 7.23 | 129.05 | 136.28 | OK | |
r-devel-linux-x86_64-fedora-clang | 0.1.4 | 240.20 | NOTE | |||
r-devel-linux-x86_64-fedora-gcc | 0.1.4 | 264.89 | OK | |||
r-devel-windows-x86_64 | 0.1.4 | 9.00 | 143.00 | 152.00 | NOTE | |
r-patched-linux-x86_64 | 0.1.4 | 15.74 | 166.95 | 182.69 | OK | |
r-release-linux-x86_64 | 0.1.4 | 6.79 | 167.53 | 174.32 | OK | |
r-release-macos-arm64 | 0.1.4 | 72.00 | NOTE | |||
r-release-macos-x86_64 | 0.1.4 | 197.00 | NOTE | |||
r-release-windows-x86_64 | 0.1.4 | 10.00 | 141.00 | 151.00 | NOTE | |
r-oldrel-macos-arm64 | 0.1.4 | 85.00 | NOTE | |||
r-oldrel-macos-x86_64 | 0.1.4 | 199.00 | NOTE | |||
r-oldrel-windows-x86_64 | 0.1.4 | 12.00 | 180.00 | 192.00 | NOTE |
Version: 0.1.4
Check: installed package size
Result: NOTE
installed size is 5.1Mb
sub-directories of 1Mb or more:
doc 4.3Mb
Flavors: r-devel-linux-x86_64-fedora-clang, r-devel-windows-x86_64, r-release-macos-arm64, r-release-macos-x86_64, r-release-windows-x86_64, r-oldrel-macos-arm64, r-oldrel-macos-x86_64, r-oldrel-windows-x86_64