Last updated on 2024-04-20 00:56:15 CEST.
Flavor | Version | Tinstall | Tcheck | Ttotal | Status | Flags |
---|---|---|---|---|---|---|
r-devel-linux-x86_64-debian-clang | 0.6.1 | 9.66 | 119.20 | 128.86 | NOTE | |
r-devel-linux-x86_64-debian-gcc | 0.6.1 | NOTE | ||||
r-devel-linux-x86_64-fedora-clang | 0.6.1 | 165.04 | NOTE | |||
r-devel-linux-x86_64-fedora-gcc | 0.6.1 | 168.40 | NOTE | |||
r-prerel-macos-arm64 | 0.6.1 | 71.00 | NOTE | |||
r-prerel-windows-x86_64 | 0.6.1 | 10.00 | 115.00 | 125.00 | NOTE | |
r-patched-linux-x86_64 | 0.6.1 | 8.35 | 116.32 | 124.67 | NOTE | |
r-release-linux-x86_64 | 0.6.1 | 5.09 | 116.25 | 121.34 | OK | |
r-release-macos-arm64 | 0.6.1 | 66.00 | OK | |||
r-release-macos-x86_64 | 0.6.1 | 99.00 | OK | |||
r-release-windows-x86_64 | 0.6.1 | 10.00 | 136.00 | 146.00 | OK | |
r-oldrel-macos-arm64 | 0.6.1 | 49.00 | OK | |||
r-oldrel-windows-x86_64 | 0.6.1 | 12.00 | 139.00 | 151.00 | OK |
Version: 0.6.1
Check: Rd files
Result: NOTE
checkRd: (-1) durante.Rd:60-61: Lost braces
60 | in their study, \doi{10.1177/0956797612466416}{\emph{The
| ^
checkRd: (-1) hurricane.Rd:34: Lost braces
34 | in their study, \doi{10.1073/pnas.1402786111}{\emph{Female hurricanes are deadlier than male hurricanes}}.
| ^
checkRd: (-1) userlogs.Rd:33: Lost braces
33 | \doi{10.1145/2470654.2481359}{Evaluating the Efficiency of Physical Visualizations}
| ^
Flavors: r-devel-linux-x86_64-debian-clang, r-devel-linux-x86_64-debian-gcc, r-devel-linux-x86_64-fedora-clang, r-devel-linux-x86_64-fedora-gcc, r-prerel-macos-arm64, r-prerel-windows-x86_64, r-patched-linux-x86_64