Last updated on 2024-03-28 23:55:13 CET.
Flavor | Version | Tinstall | Tcheck | Ttotal | Status | Flags |
---|---|---|---|---|---|---|
r-devel-linux-x86_64-debian-clang | 0.3.5 | 4.52 | 52.19 | 56.71 | NOTE | |
r-devel-linux-x86_64-debian-gcc | 0.3.5 | 4.79 | 39.70 | 44.49 | NOTE | |
r-devel-linux-x86_64-fedora-clang | 0.3.5 | 75.78 | NOTE | |||
r-devel-linux-x86_64-fedora-gcc | 0.3.5 | 71.22 | NOTE | |||
r-devel-windows-x86_64 | 0.3.5 | 5.00 | 56.00 | 61.00 | NOTE | |
r-patched-linux-x86_64 | 0.3.5 | 6.77 | 51.57 | 58.34 | NOTE | |
r-release-linux-x86_64 | 0.3.5 | 6.62 | 52.22 | 58.84 | OK | |
r-release-macos-arm64 | 0.3.5 | 23.00 | OK | |||
r-release-macos-x86_64 | 0.3.5 | 37.00 | OK | |||
r-release-windows-x86_64 | 0.3.5 | 5.00 | 61.00 | 66.00 | OK | |
r-oldrel-macos-arm64 | 0.3.5 | 24.00 | OK | |||
r-oldrel-windows-x86_64 | 0.3.5 | 8.00 | 68.00 | 76.00 | OK |
Version: 0.3.5
Check: Rd files
Result: NOTE
checkRd: (-1) metricUnfolding.Rd:69-70: Lost braces in \itemize; meant \describe ?
checkRd: (-1) metricUnfolding.Rd:71-72: Lost braces in \itemize; meant \describe ?
checkRd: (-1) metricUnfolding.Rd:73-74: Lost braces in \itemize; meant \describe ?
checkRd: (-1) metricUnfolding.Rd:75-79: Lost braces in \itemize; meant \describe ?
checkRd: (-1) metricUnfolding.Rd:80-86: Lost braces in \itemize; meant \describe ?
Flavors: r-devel-linux-x86_64-debian-clang, r-devel-linux-x86_64-debian-gcc, r-devel-linux-x86_64-fedora-clang, r-devel-linux-x86_64-fedora-gcc, r-devel-windows-x86_64, r-patched-linux-x86_64