Last updated on 2024-03-28 23:55:13 CET.
Flavor | Version | Tinstall | Tcheck | Ttotal | Status | Flags |
---|---|---|---|---|---|---|
r-devel-linux-x86_64-debian-clang | 0.5.0 | 3.05 | 48.81 | 51.86 | NOTE | |
r-devel-linux-x86_64-debian-gcc | 0.5.0 | 2.54 | 37.78 | 40.32 | NOTE | |
r-devel-linux-x86_64-fedora-clang | 0.5.0 | 64.64 | NOTE | |||
r-devel-linux-x86_64-fedora-gcc | 0.5.0 | 64.15 | NOTE | |||
r-devel-windows-x86_64 | 0.5.0 | 5.00 | 59.00 | 64.00 | NOTE | |
r-patched-linux-x86_64 | 0.5.0 | 3.30 | 48.29 | 51.59 | NOTE | |
r-release-linux-x86_64 | 0.5.0 | 3.08 | 47.91 | 50.99 | OK | |
r-release-macos-arm64 | 0.5.0 | 25.00 | OK | |||
r-release-macos-x86_64 | 0.5.0 | 33.00 | OK | |||
r-release-windows-x86_64 | 0.5.0 | 5.00 | 68.00 | 73.00 | OK | |
r-oldrel-macos-arm64 | 0.5.0 | 25.00 | OK | |||
r-oldrel-windows-x86_64 | 0.5.0 | 5.00 | 73.00 | 78.00 | OK |
Version: 0.5.0
Check: Rd \usage sections
Result: NOTE
Documented arguments not in \usage in Rd file 'check_mnsl.Rd':
‘fix’
Documented arguments not in \usage in Rd file 'text_colour.Rd':
‘a’
Functions with \usage entries need to have the appropriate \alias
entries, and all their arguments documented.
The \usage entries must correspond to syntactically valid R code.
See chapter ‘Writing R documentation files’ in the ‘Writing R
Extensions’ manual.
Flavors: r-devel-linux-x86_64-debian-clang, r-devel-linux-x86_64-debian-gcc, r-devel-linux-x86_64-fedora-clang, r-devel-linux-x86_64-fedora-gcc, r-devel-windows-x86_64, r-patched-linux-x86_64