Last updated on 2023-12-05 08:55:32 CET.
Flavor | Version | Tinstall | Tcheck | Ttotal | Status | Flags |
---|---|---|---|---|---|---|
r-devel-linux-x86_64-debian-clang | 2.0.3 | 322.20 | 101.01 | 423.21 | OK | |
r-devel-linux-x86_64-debian-gcc | 2.0.3 | 212.34 | 74.03 | 286.37 | OK | |
r-devel-linux-x86_64-fedora-clang | 2.0.3 | 639.46 | OK | |||
r-devel-linux-x86_64-fedora-gcc | 2.0.3 | 640.52 | OK | |||
r-devel-windows-x86_64 | 2.0.3 | 230.00 | 127.00 | 357.00 | OK | |
r-patched-linux-x86_64 | 2.0.3 | 209.90 | 94.67 | 304.57 | OK | |
r-release-linux-x86_64 | 2.0.3 | 201.60 | 94.48 | 296.08 | OK | |
r-release-macos-arm64 | 2.0.3 | 124.00 | NOTE | |||
r-release-macos-x86_64 | 2.0.3 | 181.00 | NOTE | |||
r-release-windows-x86_64 | 2.0.3 | 304.00 | 149.00 | 453.00 | OK | |
r-oldrel-macos-arm64 | 2.0.3 | 126.00 | NOTE | |||
r-oldrel-macos-x86_64 | 2.0.3 | 166.00 | NOTE | |||
r-oldrel-windows-x86_64 | 2.0.3 | 294.00 | 145.00 | 439.00 | OK |
Version: 2.0.3
Check: installed package size
Result: NOTE
installed size is 13.2Mb
sub-directories of 1Mb or more:
libs 11.9Mb
Flavors: r-release-macos-arm64, r-release-macos-x86_64, r-oldrel-macos-arm64, r-oldrel-macos-x86_64