Last updated on 2024-04-19 16:58:50 CEST.
Flavor | Version | Tinstall | Tcheck | Ttotal | Status | Flags |
---|---|---|---|---|---|---|
r-devel-linux-x86_64-debian-clang | 1.0.3 | 4.36 | 61.56 | 65.92 | OK | |
r-devel-linux-x86_64-debian-gcc | 1.0.3 | OK | ||||
r-devel-linux-x86_64-fedora-clang | 1.0.3 | 80.10 | NOTE | |||
r-devel-linux-x86_64-fedora-gcc | 1.0.3 | 76.34 | OK | |||
r-prerel-macos-arm64 | 1.0.3 | 24.00 | OK | |||
r-prerel-windows-x86_64 | 1.0.3 | 5.00 | 73.00 | 78.00 | OK | |
r-patched-linux-x86_64 | 1.0.3 | 5.60 | 57.79 | 63.39 | OK | |
r-release-linux-x86_64 | 1.0.3 | 5.60 | 57.45 | 63.05 | OK | |
r-release-macos-arm64 | 1.0.3 | 28.00 | OK | |||
r-release-macos-x86_64 | 1.0.3 | 42.00 | OK | |||
r-release-windows-x86_64 | 1.0.3 | 6.00 | 80.00 | 86.00 | OK | |
r-oldrel-macos-arm64 | 1.0.3 | 27.00 | OK | |||
r-oldrel-windows-x86_64 | 1.0.3 | 6.00 | 83.00 | 89.00 | OK |
Version: 1.0.3
Check: Rd cross-references
Result: NOTE
Undeclared package ‘dosresmeta’ in Rd xrefs
Flavor: r-devel-linux-x86_64-fedora-clang