Last updated on 2024-03-27 23:59:50 CET.
Flavor | Version | Tinstall | Tcheck | Ttotal | Status | Flags |
---|---|---|---|---|---|---|
r-devel-linux-x86_64-debian-clang | 1.0.3 | 13.25 | 194.05 | 207.30 | OK | |
r-devel-linux-x86_64-debian-gcc | 1.0.3 | 10.84 | 143.26 | 154.10 | OK | |
r-devel-linux-x86_64-fedora-clang | 1.0.3 | 286.31 | NOTE | |||
r-devel-linux-x86_64-fedora-gcc | 1.0.3 | 283.50 | NOTE | |||
r-devel-windows-x86_64 | 1.0.3 | 14.00 | 197.00 | 211.00 | OK | |
r-patched-linux-x86_64 | 1.0.3 | 13.75 | 183.84 | 197.59 | OK | |
r-release-linux-x86_64 | 1.0.3 | 13.70 | 186.12 | 199.82 | OK | |
r-release-macos-arm64 | 1.0.3 | 95.00 | OK | |||
r-release-macos-x86_64 | 1.0.3 | 216.00 | OK | |||
r-release-windows-x86_64 | 1.0.3 | 17.00 | 205.00 | 222.00 | OK | |
r-oldrel-macos-arm64 | 1.0.3 | 78.00 | OK | |||
r-oldrel-windows-x86_64 | 1.0.3 | 18.00 | 210.00 | 228.00 | OK |
Version: 1.0.3
Check: dependencies in R code
Result: NOTE
Namespaces in Imports field not imported from:
‘e1071’ ‘glue’
All declared Imports should be used.
Flavors: r-devel-linux-x86_64-fedora-clang, r-devel-linux-x86_64-fedora-gcc