CRAN Package Check Results for Package mycor

Last updated on 2021-11-30 20:49:23 CET.

Flavor Version Tinstall Tcheck Ttotal Status Flags
r-devel-linux-x86_64-debian-clang 0.1.1 2.34 30.06 32.40 NOTE
r-devel-linux-x86_64-debian-gcc 0.1.1 1.71 23.92 25.63 NOTE
r-devel-linux-x86_64-fedora-clang 0.1.1 50.43 NOTE
r-devel-linux-x86_64-fedora-gcc 0.1.1 39.64 NOTE
r-devel-windows-x86_64-new-UL 0.1.1 8.00 74.00 82.00 NOTE
r-devel-windows-x86_64-new-TK 0.1.1 NOTE
r-devel-windows-x86_64-old 0.1.1 4.00 39.00 43.00 NOTE
r-patched-linux-x86_64 0.1.1 2.27 25.52 27.79 NOTE
r-patched-solaris-x86 0.1.1 55.20 NOTE
r-release-linux-x86_64 0.1.1 2.31 25.74 28.05 NOTE
r-release-macos-arm64 0.1.1 NOTE
r-release-macos-x86_64 0.1.1 NOTE
r-release-windows-ix86+x86_64 0.1.1 6.00 33.00 39.00 NOTE
r-oldrel-macos-x86_64 0.1.1 OK
r-oldrel-windows-ix86+x86_64 0.1.1 5.00 44.00 49.00 OK

Check Details

Version: 0.1.1
Check: LazyData
Result: NOTE
     'LazyData' is specified without a 'data' directory
Flavors: r-devel-linux-x86_64-debian-clang, r-devel-linux-x86_64-debian-gcc, r-devel-linux-x86_64-fedora-clang, r-devel-linux-x86_64-fedora-gcc, r-devel-windows-x86_64-new-UL, r-devel-windows-x86_64-new-TK, r-devel-windows-x86_64-old, r-patched-linux-x86_64, r-patched-solaris-x86, r-release-linux-x86_64, r-release-macos-arm64, r-release-macos-x86_64, r-release-windows-ix86+x86_64