Last updated on 2023-05-28 22:00:16 CEST.
Flavor | Version | Tinstall | Tcheck | Ttotal | Status | Flags |
---|---|---|---|---|---|---|
r-devel-linux-x86_64-debian-clang | 0.1.1 | 2.02 | 27.77 | 29.79 | NOTE | |
r-devel-linux-x86_64-debian-gcc | 0.1.1 | 1.87 | 22.35 | 24.22 | NOTE | |
r-devel-linux-x86_64-fedora-clang | 0.1.1 | 38.96 | NOTE | |||
r-devel-linux-x86_64-fedora-gcc | 0.1.1 | 52.33 | NOTE | |||
r-devel-windows-x86_64 | 0.1.1 | 5.00 | 46.00 | 51.00 | NOTE | |
r-patched-linux-x86_64 | 0.1.1 | 2.54 | 27.24 | 29.78 | NOTE | |
r-release-linux-x86_64 | 0.1.1 | 2.40 | 27.18 | 29.58 | NOTE | |
r-release-macos-arm64 | 0.1.1 | 26.00 | NOTE | |||
r-release-macos-x86_64 | 0.1.1 | 35.00 | NOTE | |||
r-release-windows-x86_64 | 0.1.1 | 5.00 | 48.00 | 53.00 | NOTE | |
r-oldrel-macos-arm64 | 0.1.1 | 24.00 | NOTE | |||
r-oldrel-macos-x86_64 | 0.1.1 | 29.00 | NOTE | |||
r-oldrel-windows-x86_64 | 0.1.1 | 6.00 | 51.00 | 57.00 | NOTE |
Version: 0.1.1
Check: LazyData
Result: NOTE
'LazyData' is specified without a 'data' directory
Flavors: r-devel-linux-x86_64-debian-clang, r-devel-linux-x86_64-debian-gcc, r-devel-linux-x86_64-fedora-clang, r-devel-linux-x86_64-fedora-gcc, r-devel-windows-x86_64, r-patched-linux-x86_64, r-release-linux-x86_64, r-release-macos-arm64, r-release-macos-x86_64, r-release-windows-x86_64, r-oldrel-macos-arm64, r-oldrel-macos-x86_64, r-oldrel-windows-x86_64