CRAN Package Check Results for Package n1qn1

Last updated on 2021-10-26 09:09:32 CEST.

Flavor Version Tinstall Tcheck Ttotal Status Flags
r-devel-linux-x86_64-debian-clang 6.0.1-10 17.11 25.78 42.89 NOTE
r-devel-linux-x86_64-debian-gcc 6.0.1-10 14.57 20.59 35.16 NOTE
r-devel-linux-x86_64-fedora-clang 6.0.1-10 72.42 NOTE
r-devel-linux-x86_64-fedora-gcc 6.0.1-10 59.39 NOTE
r-devel-windows-x86_64 6.0.1-10 29.00 55.00 84.00 NOTE
r-devel-windows-x86_64-gcc10-UCRT 6.0.1-10 NOTE
r-patched-linux-x86_64 6.0.1-10 16.66 25.09 41.75 NOTE
r-patched-solaris-x86 6.0.1-10 70.70 NOTE
r-release-linux-x86_64 6.0.1-10 20.13 25.10 45.23 NOTE
r-release-macos-arm64 6.0.1-10 NOTE
r-release-macos-x86_64 6.0.1-10 NOTE
r-release-windows-ix86+x86_64 6.0.1-10 36.00 68.00 104.00 NOTE
r-oldrel-macos-x86_64 6.0.1-10 OK
r-oldrel-windows-ix86+x86_64 6.0.1-10 57.00 72.00 129.00 OK

Check Details

Version: 6.0.1-10
Check: LazyData
Result: NOTE
     'LazyData' is specified without a 'data' directory
Flavors: r-devel-linux-x86_64-debian-clang, r-devel-linux-x86_64-debian-gcc, r-devel-linux-x86_64-fedora-clang, r-devel-linux-x86_64-fedora-gcc, r-devel-windows-x86_64, r-devel-windows-x86_64-gcc10-UCRT, r-patched-linux-x86_64, r-patched-solaris-x86, r-release-linux-x86_64, r-release-macos-arm64, r-release-macos-x86_64, r-release-windows-ix86+x86_64