Last updated on 2023-02-04 01:54:28 CET.
Flavor | Version | Tinstall | Tcheck | Ttotal | Status | Flags |
---|---|---|---|---|---|---|
r-devel-linux-x86_64-debian-clang | 0.5.0 | 72.93 | 36.50 | 109.43 | OK | |
r-devel-linux-x86_64-debian-gcc | 0.5.0 | 53.98 | 28.43 | 82.41 | OK | |
r-devel-linux-x86_64-fedora-clang | 0.5.0 | 143.27 | OK | |||
r-devel-linux-x86_64-fedora-gcc | 0.5.0 | 129.79 | OK | |||
r-devel-windows-x86_64 | 0.5.0 | 61.00 | 87.00 | 148.00 | OK | |
r-patched-linux-x86_64 | 0.5.0 | 56.67 | 36.86 | 93.53 | OK | |
r-release-linux-x86_64 | 0.5.0 | 54.70 | 38.15 | 92.85 | OK | |
r-release-macos-arm64 | 0.5.0 | 41.00 | NOTE | |||
r-release-macos-x86_64 | 0.5.0 | 76.00 | NOTE | |||
r-release-windows-x86_64 | 0.5.0 | 77.00 | 94.00 | 171.00 | OK | |
r-oldrel-macos-arm64 | 0.5.0 | 50.00 | NOTE | |||
r-oldrel-macos-x86_64 | 0.5.0 | 77.00 | NOTE | |||
r-oldrel-windows-ix86+x86_64 | 0.5.0 | 151.00 | 92.00 | 243.00 | OK |
Version: 0.5.0
Check: installed package size
Result: NOTE
installed size is 8.9Mb
sub-directories of 1Mb or more:
libs 8.8Mb
Flavors: r-release-macos-arm64, r-release-macos-x86_64, r-oldrel-macos-arm64, r-oldrel-macos-x86_64