CRAN Package Check Results for Package namedCapture

Last updated on 2021-10-16 13:04:03 CEST.

Flavor Version Tinstall Tcheck Ttotal Status Flags
r-devel-linux-x86_64-debian-clang 2020.4.1 2.15 29.33 31.48 NOTE
r-devel-linux-x86_64-debian-gcc 2020.4.1 1.80 23.25 25.05 NOTE
r-devel-linux-x86_64-fedora-clang 2020.4.1 50.42 NOTE
r-devel-linux-x86_64-fedora-gcc 2020.4.1 38.23 NOTE
r-devel-windows-x86_64 2020.4.1 5.00 42.00 47.00 OK
r-devel-windows-x86_64-gcc10-UCRT 2020.4.1 NOTE
r-patched-linux-x86_64 2020.4.1 2.10 26.83 28.93 NOTE
r-patched-solaris-x86 2020.4.1 63.10 NOTE
r-release-linux-x86_64 2020.4.1 2.25 26.68 28.93 NOTE
r-release-macos-arm64 2020.4.1 NOTE
r-release-macos-x86_64 2020.4.1 NOTE
r-release-windows-ix86+x86_64 2020.4.1 6.00 50.00 56.00 OK
r-oldrel-macos-x86_64 2020.4.1 NOTE
r-oldrel-windows-ix86+x86_64 2020.4.1 6.00 49.00 55.00 OK

Check Details

Version: 2020.4.1
Check: package dependencies
Result: NOTE
    Package suggested but not available for checking: 're2r'
Flavors: r-devel-linux-x86_64-debian-clang, r-devel-linux-x86_64-debian-gcc, r-devel-linux-x86_64-fedora-clang, r-devel-linux-x86_64-fedora-gcc, r-devel-windows-x86_64-gcc10-UCRT, r-patched-linux-x86_64, r-patched-solaris-x86, r-release-linux-x86_64, r-release-macos-arm64, r-release-macos-x86_64, r-oldrel-macos-x86_64