Last updated on 2024-04-25 00:56:05 CEST.
Flavor | Version | Tinstall | Tcheck | Ttotal | Status | Flags |
---|---|---|---|---|---|---|
r-devel-linux-x86_64-debian-clang | 0.1.3 | 1243.08 | 49.30 | 1292.38 | OK | |
r-devel-linux-x86_64-debian-gcc | 0.1.3 | 908.33 | 38.88 | 947.21 | OK | |
r-devel-linux-x86_64-fedora-clang | 0.1.3 | 2046.74 | NOTE | |||
r-devel-linux-x86_64-fedora-gcc | 0.1.3 | 1921.32 | NOTE | |||
r-devel-windows-x86_64 | 0.1.3 | 859.00 | 91.00 | 950.00 | NOTE | |
r-patched-linux-x86_64 | 0.1.3 | 1179.97 | 48.78 | 1228.75 | OK | |
r-release-linux-x86_64 | 0.1.3 | 1160.48 | 49.70 | 1210.18 | OK | |
r-release-macos-arm64 | 0.1.3 | 260.00 | NOTE | |||
r-release-windows-x86_64 | 0.1.3 | 826.00 | 87.00 | 913.00 | NOTE | |
r-oldrel-macos-arm64 | 0.1.3 | 342.00 | NOTE | |||
r-oldrel-macos-x86_64 | 0.1.3 | 251.00 | NOTE | |||
r-oldrel-windows-x86_64 | 0.1.3 | 844.00 | 100.00 | 944.00 | NOTE |
Version: 0.1.3
Check: installed package size
Result: NOTE
installed size is 5.1Mb
sub-directories of 1Mb or more:
data 1.9Mb
libs 1.9Mb
models 1.1Mb
Flavors: r-devel-linux-x86_64-fedora-clang, r-devel-windows-x86_64, r-release-macos-arm64, r-release-windows-x86_64, r-oldrel-macos-arm64, r-oldrel-macos-x86_64, r-oldrel-windows-x86_64
Version: 0.1.3
Check: data for non-ASCII characters
Result: NOTE
Note: found 47936 marked UTF-8 strings
Flavors: r-devel-linux-x86_64-fedora-clang, r-devel-linux-x86_64-fedora-gcc