CRAN Package Check Results for Package naniar

Last updated on 2021-09-23 04:56:35 CEST.

Flavor Version Tinstall Tcheck Ttotal Status Flags
r-devel-linux-x86_64-debian-clang 0.6.1 9.02 135.62 144.64 OK
r-devel-linux-x86_64-debian-gcc 0.6.1 7.30 99.09 106.39 OK
r-devel-linux-x86_64-fedora-clang 0.6.1 172.02 OK
r-devel-linux-x86_64-fedora-gcc 0.6.1 161.33 OK
r-devel-windows-x86_64 0.6.1 10.00 135.00 145.00 OK
r-devel-windows-x86_64-gcc10-UCRT 0.6.1 ERROR
r-patched-linux-x86_64 0.6.1 9.43 131.42 140.85 OK
r-patched-solaris-x86 0.6.1 235.50 OK
r-release-linux-x86_64 0.6.1 6.07 132.69 138.76 OK
r-release-macos-arm64 0.6.1 OK
r-release-macos-x86_64 0.6.1 OK
r-release-windows-ix86+x86_64 0.6.1 18.00 136.00 154.00 OK
r-oldrel-macos-x86_64 0.6.1 OK
r-oldrel-windows-ix86+x86_64 0.6.1 16.00 132.00 148.00 OK

Check Details

Version: 0.6.1
Check: package dependencies
Result: NOTE
    Packages suggested but not available for checking:
     'vdiffr', 'imputeTS', 'gdtools', 'Hmisc', 'spelling'
Flavor: r-devel-windows-x86_64-gcc10-UCRT

Version: 0.6.1
Check: re-building of vignette outputs
Result: WARN
    Error(s) in re-building vignettes:
    --- re-building 'exploring-imputed-values.Rmd' using rmarkdown
    Quitting from lines 163-172 (exploring-imputed-values.Rmd)
    Error: processing vignette 'exploring-imputed-values.Rmd' failed with diagnostics:
    there is no package called 'Hmisc'
    --- failed re-building 'exploring-imputed-values.Rmd'
    
    --- re-building 'getting-started-w-naniar.Rmd' using rmarkdown
    --- finished re-building 'getting-started-w-naniar.Rmd'
    
    --- re-building 'naniar-visualisation.Rmd' using rmarkdown
    --- finished re-building 'naniar-visualisation.Rmd'
    
    --- re-building 'replace-with-na.Rmd' using rmarkdown
    --- finished re-building 'replace-with-na.Rmd'
    
    --- re-building 'special-missing-values.Rmd' using rmarkdown
    --- finished re-building 'special-missing-values.Rmd'
    
    SUMMARY: processing the following file failed:
     'exploring-imputed-values.Rmd'
    
    Error: Vignette re-building failed.
    Execution halted
Flavor: r-devel-windows-x86_64-gcc10-UCRT

Version: 0.6.1
Check: PDF version of manual
Result: WARN
    LaTeX errors when creating PDF version.
    This typically indicates Rd problems.
Flavor: r-devel-windows-x86_64-gcc10-UCRT

Version: 0.6.1
Check: PDF version of manual without hyperrefs or index
Result: ERROR
    Re-running with no redirection of stdout/stderr.
Flavor: r-devel-windows-x86_64-gcc10-UCRT