CRAN Package Check Results for Package nanotime

Last updated on 2021-10-26 04:27:21 CEST.

Flavor Version Tinstall Tcheck Ttotal Status Flags
r-devel-linux-x86_64-debian-clang 0.3.3 69.62 68.50 138.12 OK
r-devel-linux-x86_64-debian-gcc 0.3.3 53.89 52.65 106.54 OK
r-devel-linux-x86_64-fedora-clang 0.3.3 210.57 NOTE
r-devel-linux-x86_64-fedora-gcc 0.3.3 189.08 OK
r-devel-windows-x86_64 0.3.3 96.00 86.00 182.00 OK
r-devel-windows-x86_64-gcc10-UCRT 0.3.3 OK
r-patched-linux-x86_64 0.3.3 70.39 67.36 137.75 OK
r-patched-solaris-x86 0.3.3 199.30 OK
r-release-linux-x86_64 0.3.3 69.38 66.71 136.09 OK
r-release-macos-arm64 0.3.3 NOTE
r-release-macos-x86_64 0.3.3 NOTE
r-release-windows-ix86+x86_64 0.3.3 125.00 149.00 274.00 OK
r-oldrel-macos-x86_64 0.3.3 NOTE
r-oldrel-windows-ix86+x86_64 0.3.3 185.00 151.00 336.00 OK

Check Details

Version: 0.3.3
Check: installed package size
Result: NOTE
     installed size is 5.3Mb
     sub-directories of 1Mb or more:
     libs 4.2Mb
Flavors: r-devel-linux-x86_64-fedora-clang, r-release-macos-arm64, r-release-macos-x86_64, r-oldrel-macos-x86_64