Last updated on 2024-03-28 23:55:13 CET.
Flavor | Version | Tinstall | Tcheck | Ttotal | Status | Flags |
---|---|---|---|---|---|---|
r-devel-linux-x86_64-debian-clang | 2.6.26 | 131.86 | 55.23 | 187.09 | OK | |
r-devel-linux-x86_64-debian-gcc | 2.6.26 | 115.91 | 42.55 | 158.46 | OK | |
r-devel-linux-x86_64-fedora-clang | 2.6.26 | 351.28 | OK | |||
r-devel-linux-x86_64-fedora-gcc | 2.6.26 | 343.44 | OK | |||
r-patched-linux-x86_64 | 2.6.26 | 111.88 | 54.89 | 166.77 | OK | |
r-release-linux-x86_64 | 2.6.26 | 105.94 | 52.66 | 158.60 | OK | |
r-release-macos-arm64 | 2.6.26 | 75.00 | NOTE | |||
r-release-macos-x86_64 | 2.6.26 | 117.00 | NOTE | |||
r-oldrel-macos-arm64 | 2.6.26 | 69.00 | NOTE |
Version: 2.6.26
Check: installed package size
Result: NOTE
installed size is 11.1Mb
sub-directories of 1Mb or more:
libs 10.5Mb
Flavors: r-release-macos-arm64, r-release-macos-x86_64, r-oldrel-macos-arm64