CRAN Package Check Results for Package nasadata

Last updated on 2021-10-17 12:52:50 CEST.

Flavor Version Tinstall Tcheck Ttotal Status Flags
r-devel-linux-x86_64-debian-clang 0.9.0 5.04 44.13 49.17 NOTE
r-devel-linux-x86_64-debian-gcc 0.9.0 3.84 33.50 37.34 NOTE
r-devel-linux-x86_64-fedora-clang 0.9.0 70.37 NOTE
r-devel-linux-x86_64-fedora-gcc 0.9.0 57.19 NOTE
r-devel-windows-x86_64 0.9.0 9.00 81.00 90.00 NOTE
r-devel-windows-x86_64-gcc10-UCRT 0.9.0 NOTE
r-patched-linux-x86_64 0.9.0 3.60 41.59 45.19 NOTE
r-patched-solaris-x86 0.9.0 83.10 NOTE
r-release-linux-x86_64 0.9.0 3.80 41.46 45.26 NOTE
r-release-macos-arm64 0.9.0 NOTE
r-release-macos-x86_64 0.9.0 NOTE
r-release-windows-ix86+x86_64 0.9.0 12.00 63.00 75.00 NOTE
r-oldrel-macos-x86_64 0.9.0 OK
r-oldrel-windows-ix86+x86_64 0.9.0 13.00 70.00 83.00 OK

Check Details

Version: 0.9.0
Check: LazyData
Result: NOTE
     'LazyData' is specified without a 'data' directory
Flavors: r-devel-linux-x86_64-debian-clang, r-devel-linux-x86_64-debian-gcc, r-devel-linux-x86_64-fedora-clang, r-devel-linux-x86_64-fedora-gcc, r-devel-windows-x86_64, r-devel-windows-x86_64-gcc10-UCRT, r-patched-linux-x86_64, r-patched-solaris-x86, r-release-linux-x86_64, r-release-macos-arm64, r-release-macos-x86_64, r-release-windows-ix86+x86_64