CRAN Package Check Results for Package nat

Last updated on 2021-10-22 20:49:08 CEST.

Flavor Version Tinstall Tcheck Ttotal Status Flags
r-devel-linux-x86_64-debian-clang 1.8.18 19.86 150.96 170.82 NOTE
r-devel-linux-x86_64-debian-gcc 1.8.18 13.85 114.23 128.08 NOTE
r-devel-linux-x86_64-fedora-clang 1.8.18 212.79 NOTE
r-devel-linux-x86_64-fedora-gcc 1.8.18 198.50 NOTE
r-devel-windows-x86_64 1.8.18 25.00 203.00 228.00 NOTE
r-devel-windows-x86_64-gcc10-UCRT 1.8.18 ERROR
r-patched-linux-x86_64 1.8.18 24.18 147.30 171.48 NOTE
r-patched-solaris-x86 1.8.18 262.30 OK
r-release-linux-x86_64 1.8.18 16.47 146.37 162.84 NOTE
r-release-macos-arm64 1.8.18 NOTE
r-release-macos-x86_64 1.8.18 NOTE
r-release-windows-ix86+x86_64 1.8.18 24.00 165.00 189.00 NOTE
r-oldrel-macos-x86_64 1.8.18 NOTE
r-oldrel-windows-ix86+x86_64 1.8.18 31.00 190.00 221.00 NOTE

Check Details

Version: 1.8.18
Check: package dependencies
Result: NOTE
    Package suggested but not available for checking: 'webshot2'
Flavors: r-devel-linux-x86_64-debian-clang, r-devel-linux-x86_64-debian-gcc, r-devel-linux-x86_64-fedora-clang, r-devel-linux-x86_64-fedora-gcc, r-devel-windows-x86_64, r-patched-linux-x86_64, r-release-linux-x86_64, r-release-macos-arm64, r-release-macos-x86_64, r-release-windows-ix86+x86_64, r-oldrel-macos-x86_64, r-oldrel-windows-ix86+x86_64

Version: 1.8.18
Check: package dependencies
Result: ERROR
    Package required but not available: 'igraph'
    
    Package suggested but not available for checking: 'webshot2'
    
    See section 'The DESCRIPTION file' in the 'Writing R Extensions'
    manual.
Flavor: r-devel-windows-x86_64-gcc10-UCRT