Last updated on 2024-03-28 23:55:13 CET.
Flavor | Version | Tinstall | Tcheck | Ttotal | Status | Flags |
---|---|---|---|---|---|---|
r-devel-linux-x86_64-debian-clang | 0.5.2 | 9.23 | 151.77 | 161.00 | OK | |
r-devel-linux-x86_64-debian-gcc | 0.5.2 | 5.66 | 111.49 | 117.15 | OK | |
r-devel-linux-x86_64-fedora-clang | 0.5.2 | 218.56 | NOTE | |||
r-devel-linux-x86_64-fedora-gcc | 0.5.2 | 219.55 | NOTE | |||
r-devel-windows-x86_64 | 0.5.2 | 9.00 | 129.00 | 138.00 | OK | |
r-patched-linux-x86_64 | 0.5.2 | 5.94 | 143.49 | 149.43 | OK | |
r-release-linux-x86_64 | 0.5.2 | 5.27 | 142.64 | 147.91 | OK | |
r-release-macos-arm64 | 0.5.2 | 75.00 | OK | |||
r-release-macos-x86_64 | 0.5.2 | 130.00 | OK | |||
r-release-windows-x86_64 | 0.5.2 | 12.00 | 154.00 | 166.00 | OK | |
r-oldrel-macos-arm64 | 0.5.2 | 67.00 | OK | |||
r-oldrel-windows-x86_64 | 0.5.2 | 14.00 | 156.00 | 170.00 | OK |
Version: 0.5.2
Check: data for non-ASCII characters
Result: NOTE
Note: found 5 marked Latin-1 strings
Note: found 7187 marked UTF-8 strings
Flavors: r-devel-linux-x86_64-fedora-clang, r-devel-linux-x86_64-fedora-gcc