Last updated on 2024-04-25 16:49:27 CEST.
Flavor | Version | Tinstall | Tcheck | Ttotal | Status | Flags |
---|---|---|---|---|---|---|
r-devel-linux-x86_64-debian-clang | 0.9.0 | 11.44 | 156.97 | 168.41 | NOTE | |
r-devel-linux-x86_64-debian-gcc | 0.9.0 | 9.23 | 130.75 | 139.98 | NOTE | |
r-devel-linux-x86_64-fedora-clang | 0.9.0 | 206.20 | NOTE | |||
r-devel-linux-x86_64-fedora-gcc | 0.9.0 | 234.84 | NOTE | |||
r-devel-windows-x86_64 | 0.9.0 | 13.00 | 146.00 | 159.00 | NOTE | |
r-patched-linux-x86_64 | 0.9.0 | 11.46 | 166.74 | 178.20 | NOTE | |
r-release-linux-x86_64 | 0.9.0 | 12.96 | 166.08 | 179.04 | NOTE | |
r-release-macos-arm64 | 0.9.0 | 79.00 | NOTE | |||
r-release-windows-x86_64 | 0.9.0 | 13.00 | 143.00 | 156.00 | NOTE | |
r-oldrel-macos-arm64 | 0.9.0 | 90.00 | NOTE | |||
r-oldrel-macos-x86_64 | 0.9.0 | 133.00 | NOTE | |||
r-oldrel-windows-x86_64 | 0.9.0 | 18.00 | 173.00 | 191.00 | NOTE |
Version: 0.9.0
Check: LazyData
Result: NOTE
'LazyData' is specified without a 'data' directory
Flavors: r-devel-linux-x86_64-debian-clang, r-devel-linux-x86_64-debian-gcc, r-devel-linux-x86_64-fedora-clang, r-devel-linux-x86_64-fedora-gcc, r-devel-windows-x86_64, r-patched-linux-x86_64, r-release-linux-x86_64, r-release-macos-arm64, r-release-windows-x86_64, r-oldrel-macos-arm64, r-oldrel-macos-x86_64, r-oldrel-windows-x86_64