CRAN Package Check Results for Package nbpMatching

Last updated on 2022-08-15 16:54:34 CEST.

Flavor Version Tinstall Tcheck Ttotal Status Flags
r-devel-linux-x86_64-debian-clang 1.5.1 20.22 124.63 144.85 OK
r-devel-linux-x86_64-debian-gcc 1.5.1 12.11 92.03 104.14 OK
r-devel-linux-x86_64-fedora-clang 1.5.1 179.61 NOTE
r-devel-linux-x86_64-fedora-gcc 1.5.1 175.90 NOTE
r-devel-windows-x86_64 1.5.1 69.00 142.00 211.00 OK
r-patched-linux-x86_64 1.5.1 21.34 115.49 136.83 OK
r-release-linux-x86_64 1.5.1 12.78 115.42 128.20 OK
r-release-macos-arm64 1.5.1 42.00 OK
r-release-macos-x86_64 1.5.1 92.00 OK
r-release-windows-x86_64 1.5.1 47.00 139.00 186.00 OK
r-oldrel-macos-arm64 1.5.1 60.00 OK
r-oldrel-macos-x86_64 1.5.1 92.00 OK
r-oldrel-windows-ix86+x86_64 1.5.1 45.00 178.00 223.00 OK

Check Details

Version: 1.5.1
Check: compiled code
Result: NOTE
    File ‘nbpMatching/libs/nbpMatching.so’:
     Found no calls to: ‘R_registerRoutines’, ‘R_useDynamicSymbols’
    
    It is good practice to register native routines and to disable symbol
    search.
    
    See ‘Writing portable packages’ in the ‘Writing R Extensions’ manual.
Flavors: r-devel-linux-x86_64-fedora-clang, r-devel-linux-x86_64-fedora-gcc