CRAN Package Check Results for Package nc

Last updated on 2021-10-23 16:49:39 CEST.

Flavor Version Tinstall Tcheck Ttotal Status Flags
r-devel-linux-x86_64-debian-clang 2020.8.6 2.95 69.63 72.58 NOTE
r-devel-linux-x86_64-debian-gcc 2020.8.6 2.39 45.32 47.71 NOTE
r-devel-linux-x86_64-fedora-clang 2020.8.6 91.03 NOTE
r-devel-linux-x86_64-fedora-gcc 2020.8.6 74.00 NOTE
r-devel-windows-x86_64 2020.8.6 6.00 97.00 103.00 OK
r-devel-windows-x86_64-gcc10-UCRT 2020.8.6 NOTE
r-patched-linux-x86_64 2020.8.6 3.12 60.04 63.16 NOTE
r-patched-solaris-x86 2020.8.6 111.30 NOTE
r-release-linux-x86_64 2020.8.6 2.53 59.59 62.12 NOTE
r-release-macos-arm64 2020.8.6 NOTE
r-release-macos-x86_64 2020.8.6 NOTE
r-release-windows-ix86+x86_64 2020.8.6 6.00 95.00 101.00 OK
r-oldrel-macos-x86_64 2020.8.6 NOTE
r-oldrel-windows-ix86+x86_64 2020.8.6 8.00 100.00 108.00 OK

Check Details

Version: 2020.8.6
Check: package dependencies
Result: NOTE
    Package suggested but not available for checking: 're2r'
Flavors: r-devel-linux-x86_64-debian-clang, r-devel-linux-x86_64-debian-gcc, r-devel-linux-x86_64-fedora-clang, r-devel-linux-x86_64-fedora-gcc, r-devel-windows-x86_64-gcc10-UCRT, r-patched-linux-x86_64, r-patched-solaris-x86, r-release-linux-x86_64, r-release-macos-arm64, r-release-macos-x86_64, r-oldrel-macos-x86_64