Last updated on 2024-03-28 23:55:13 CET.
Flavor | Version | Tinstall | Tcheck | Ttotal | Status | Flags |
---|---|---|---|---|---|---|
r-devel-linux-x86_64-debian-clang | 2013.03.29.1 | 3.01 | 48.48 | 51.49 | OK | |
r-devel-linux-x86_64-debian-gcc | 2013.03.29.1 | 2.33 | 38.11 | 40.44 | OK | |
r-devel-linux-x86_64-fedora-clang | 2013.03.29.1 | 61.24 | NOTE | |||
r-devel-linux-x86_64-fedora-gcc | 2013.03.29.1 | 60.50 | OK | |||
r-devel-windows-x86_64 | 2013.03.29.1 | 3.00 | 52.00 | 55.00 | NOTE | |
r-patched-linux-x86_64 | 2013.03.29.1 | 2.62 | 46.39 | 49.01 | OK | |
r-release-linux-x86_64 | 2013.03.29.1 | 2.45 | 47.12 | 49.57 | OK | |
r-release-macos-arm64 | 2013.03.29.1 | 26.00 | NOTE | |||
r-release-macos-x86_64 | 2013.03.29.1 | 39.00 | NOTE | |||
r-release-windows-x86_64 | 2013.03.29.1 | 5.00 | 59.00 | 64.00 | NOTE | |
r-oldrel-macos-arm64 | 2013.03.29.1 | 27.00 | NOTE | |||
r-oldrel-windows-x86_64 | 2013.03.29.1 | 10.00 | 71.00 | 81.00 | NOTE |
Version: 2013.03.29.1
Check: installed package size
Result: NOTE
installed size is 9.5Mb
sub-directories of 1Mb or more:
data 9.4Mb
Flavors: r-devel-linux-x86_64-fedora-clang, r-devel-windows-x86_64, r-release-macos-arm64, r-release-macos-x86_64, r-release-windows-x86_64, r-oldrel-macos-arm64, r-oldrel-windows-x86_64