Last updated on 2024-03-28 23:55:13 CET.
Flavor | Version | Tinstall | Tcheck | Ttotal | Status | Flags |
---|---|---|---|---|---|---|
r-devel-linux-x86_64-debian-clang | 1.22 | 8.67 | 43.71 | 52.38 | OK | |
r-devel-linux-x86_64-debian-gcc | 1.22 | 7.90 | 30.83 | 38.73 | OK | |
r-devel-linux-x86_64-fedora-clang | 1.22 | 66.03 | OK | |||
r-devel-linux-x86_64-fedora-gcc | 1.22 | 64.22 | OK | |||
r-devel-windows-x86_64 | 1.22 | 5.00 | 2.00 | 7.00 | ERROR | |
r-patched-linux-x86_64 | 1.22 | 8.75 | 41.15 | 49.90 | OK | |
r-release-linux-x86_64 | 1.22 | 9.72 | 41.83 | 51.55 | OK | |
r-release-macos-arm64 | 1.22 | 31.00 | NOTE | |||
r-release-macos-x86_64 | 1.22 | 66.00 | NOTE | |||
r-release-windows-x86_64 | 1.22 | 23.00 | 208.00 | 231.00 | NOTE | |
r-oldrel-macos-arm64 | 1.22 | 26.00 | NOTE | |||
r-oldrel-windows-x86_64 | 1.22 | 16.00 | 112.00 | 128.00 | NOTE |
Version: 1.22
Check: whether package can be installed
Result: ERROR
Installation failed.
Flavor: r-devel-windows-x86_64
Version: 1.22
Check: installed package size
Result: NOTE
installed size is 6.0Mb
sub-directories of 1Mb or more:
libs 5.6Mb
Flavors: r-release-macos-arm64, r-release-macos-x86_64, r-release-windows-x86_64, r-oldrel-macos-arm64, r-oldrel-windows-x86_64