CRAN Package Check Results for Package ncmeta

Last updated on 2023-01-28 00:52:55 CET.

Flavor Version Tinstall Tcheck Ttotal Status Flags
r-devel-linux-x86_64-debian-clang 0.3.5 6.01 62.84 68.85 OK
r-devel-linux-x86_64-debian-gcc 0.3.5 4.58 47.01 51.59 OK
r-devel-linux-x86_64-fedora-clang 0.3.5 93.20 OK
r-devel-linux-x86_64-fedora-gcc 0.3.5 81.07 OK
r-patched-linux-x86_64 0.3.5 6.37 62.13 68.50 OK
r-release-linux-x86_64 0.3.5 5.41 63.16 68.57 OK
r-release-macos-arm64 0.3.5 29.00 OK
r-release-macos-x86_64 0.3.5 41.00 OK
r-release-windows-x86_64 0.3.5 35.00 93.00 128.00 OK
r-oldrel-macos-arm64 0.3.5 31.00 OK
r-oldrel-macos-x86_64 0.3.5 40.00 OK
r-oldrel-windows-ix86+x86_64 0.3.5 16.00 95.00 111.00 WARN

Check Details

Version: 0.3.5
Check: for unstated dependencies in ‘tests’
Result: WARN
    Warning: unable to access index for repository https://bioconductor.org/packages/3.14/bioc/src/contrib:
     cannot open URL 'https://bioconductor.org/packages/3.14/bioc/src/contrib/PACKAGES'
    Warning: unable to access index for repository https://bioconductor.org/packages/3.14/data/annotation/src/contrib:
     cannot open URL 'https://bioconductor.org/packages/3.14/data/annotation/src/contrib/PACKAGES'
    Warning: unable to access index for repository https://bioconductor.org/packages/3.14/data/experiment/src/contrib:
     cannot open URL 'https://bioconductor.org/packages/3.14/data/experiment/src/contrib/PACKAGES'
Flavor: r-oldrel-windows-ix86+x86_64