CRAN Package Check Results for Package ncpen

Last updated on 2023-06-02 18:52:50 CEST.

Flavor Version Tinstall Tcheck Ttotal Status Flags
r-devel-linux-x86_64-debian-clang 1.0.0 69.51 49.30 118.81 NOTE
r-devel-linux-x86_64-debian-gcc 1.0.0 61.16 38.56 99.72 NOTE
r-devel-linux-x86_64-fedora-clang 1.0.0 164.19 NOTE
r-devel-linux-x86_64-fedora-gcc 1.0.0 172.93 NOTE
r-devel-windows-x86_64 1.0.0 53.00 84.00 137.00 NOTE
r-patched-linux-x86_64 1.0.0 NOTE
r-release-linux-x86_64 1.0.0 62.37 47.11 109.48 NOTE
r-release-macos-arm64 1.0.0 49.00 NOTE
r-release-macos-x86_64 1.0.0 78.00 NOTE
r-release-windows-x86_64 1.0.0 69.00 94.00 163.00 NOTE
r-oldrel-macos-arm64 1.0.0 57.00 NOTE
r-oldrel-macos-x86_64 1.0.0 54.00 NOTE
r-oldrel-windows-x86_64 1.0.0 66.00 86.00 152.00 NOTE

Check Details

Version: 1.0.0
Check: package subdirectories
Result: NOTE
    Problems with news in ‘NEWS.md’:
    No news entries found.
Flavors: r-devel-linux-x86_64-debian-clang, r-devel-linux-x86_64-debian-gcc, r-devel-linux-x86_64-fedora-clang, r-devel-linux-x86_64-fedora-gcc, r-devel-windows-x86_64, r-patched-linux-x86_64, r-release-linux-x86_64, r-release-macos-arm64, r-release-macos-x86_64, r-release-windows-x86_64

Version: 1.0.0
Check: LazyData
Result: NOTE
     'LazyData' is specified without a 'data' directory
Flavors: r-devel-linux-x86_64-debian-clang, r-devel-linux-x86_64-debian-gcc, r-devel-linux-x86_64-fedora-clang, r-devel-linux-x86_64-fedora-gcc, r-devel-windows-x86_64, r-patched-linux-x86_64, r-release-linux-x86_64, r-release-macos-arm64, r-release-macos-x86_64, r-release-windows-x86_64, r-oldrel-macos-arm64, r-oldrel-macos-x86_64, r-oldrel-windows-x86_64

Version: 1.0.0
Check: installed package size
Result: NOTE
     installed size is 7.6Mb
     sub-directories of 1Mb or more:
     libs 7.4Mb
Flavors: r-release-macos-arm64, r-release-macos-x86_64, r-oldrel-macos-arm64, r-oldrel-macos-x86_64