Last updated on 2024-03-28 23:55:13 CET.
Flavor | Version | Tinstall | Tcheck | Ttotal | Status | Flags |
---|---|---|---|---|---|---|
r-devel-linux-x86_64-debian-clang | 3.14.1 | 10.27 | 60.32 | 70.59 | NOTE | |
r-devel-linux-x86_64-debian-gcc | 3.14.1 | 6.85 | 44.38 | 51.23 | NOTE | |
r-devel-linux-x86_64-fedora-clang | 3.14.1 | 84.38 | NOTE | |||
r-devel-linux-x86_64-fedora-gcc | 3.14.1 | 95.24 | NOTE | |||
r-devel-windows-x86_64 | 3.14.1 | 12.00 | 74.00 | 86.00 | NOTE | |
r-patched-linux-x86_64 | 3.14.1 | 8.57 | 57.52 | 66.09 | NOTE | |
r-release-linux-x86_64 | 3.14.1 | 7.84 | 56.77 | 64.61 | OK | |
r-release-macos-arm64 | 3.14.1 | 48.00 | OK | |||
r-release-macos-x86_64 | 3.14.1 | 82.00 | OK | |||
r-release-windows-x86_64 | 3.14.1 | 16.00 | 82.00 | 98.00 | OK | |
r-oldrel-macos-arm64 | 3.14.1 | 42.00 | OK | |||
r-oldrel-windows-x86_64 | 3.14.1 | 15.00 | 79.00 | 94.00 | OK |
Version: 3.14.1
Check: Rd files
Result: NOTE
checkRd: (-1) cv.ncvreg.Rd:153: Lost braces
153 | c("\\Sexpr[results=rd]{tools:::Rd_expr_doi(\"#1\")}",
| ^
checkRd: (-1) ncvreg.Rd:207: Lost braces
207 | c("\\Sexpr[results=rd]{tools:::Rd_expr_doi(\"#1\")}",
| ^
checkRd: (-1) ncvsurv.Rd:178: Lost braces
178 | \strong{5}: 232-253. c("\\Sexpr[results=rd]{tools:::Rd_expr_doi(\"#1\")}",
| ^
checkRd: (-1) ncvsurv.Rd:184: Lost braces
184 | c("\\Sexpr[results=rd]{tools:::Rd_expr_doi(\"#1\")}",
| ^
checkRd: (-1) plot.cv.ncvreg.Rd:81: Lost braces
81 | c("\\Sexpr[results=rd]{tools:::Rd_expr_doi(\"#1\")}",
| ^
checkRd: (-1) plot.ncvreg.Rd:40: Lost braces
40 | c("\\Sexpr[results=rd]{tools:::Rd_expr_doi(\"#1\")}",
| ^
checkRd: (-1) predict.ncvreg.Rd:92: Lost braces
92 | c("\\Sexpr[results=rd]{tools:::Rd_expr_doi(\"#1\")}",
| ^
checkRd: (-1) predict.ncvsurv.Rd:88: Lost braces
88 | \strong{5}: 232-253. c("\\Sexpr[results=rd]{tools:::Rd_expr_doi(\"#1\")}",
| ^
checkRd: (-1) summary.cv.ncvreg.Rd:64: Lost braces
64 | c("\\Sexpr[results=rd]{tools:::Rd_expr_doi(\"#1\")}",
| ^
Flavors: r-devel-linux-x86_64-debian-clang, r-devel-linux-x86_64-debian-gcc, r-devel-linux-x86_64-fedora-clang, r-devel-linux-x86_64-fedora-gcc, r-devel-windows-x86_64, r-patched-linux-x86_64