Last updated on 2023-06-09 10:04:18 CEST.
Flavor | Version | Tinstall | Tcheck | Ttotal | Status | Flags |
---|---|---|---|---|---|---|
r-devel-linux-x86_64-debian-clang | 0.1.4 | 14.43 | 143.32 | 157.75 | OK | |
r-devel-linux-x86_64-debian-gcc | 0.1.4 | 14.24 | 107.97 | 122.21 | OK | |
r-devel-linux-x86_64-fedora-clang | 0.1.4 | 203.08 | NOTE | |||
r-devel-linux-x86_64-fedora-gcc | 0.1.4 | 208.34 | OK | |||
r-devel-windows-x86_64 | 0.1.4 | 15.00 | 115.00 | 130.00 | OK | |
r-patched-linux-x86_64 | 0.1.4 | 23.81 | 135.47 | 159.28 | OK | |
r-release-linux-x86_64 | 0.1.4 | 16.78 | 136.21 | 152.99 | OK | |
r-release-macos-arm64 | 0.1.4 | 66.00 | OK | |||
r-release-macos-x86_64 | 0.1.4 | 101.00 | OK | |||
r-release-windows-x86_64 | 0.1.4 | 20.00 | 145.00 | 165.00 | OK | |
r-oldrel-macos-arm64 | 0.1.4 | 45.00 | OK | |||
r-oldrel-macos-x86_64 | 0.1.4 | 74.00 | OK | |||
r-oldrel-windows-x86_64 | 0.1.4 | 20.00 | 140.00 | 160.00 | OK |
Version: 0.1.4
Check: Rd cross-references
Result: NOTE
Undeclared package ‘DescTools’ in Rd xrefs
Flavor: r-devel-linux-x86_64-fedora-clang