Last updated on 2023-06-02 18:52:50 CEST.
Flavor | Version | Tinstall | Tcheck | Ttotal | Status | Flags |
---|---|---|---|---|---|---|
r-devel-linux-x86_64-debian-clang | 0.2.18 | 24.03 | 69.11 | 93.14 | OK | |
r-devel-linux-x86_64-debian-gcc | 0.2.18 | 23.93 | 52.67 | 76.60 | OK | |
r-devel-linux-x86_64-fedora-clang | 0.2.18 | 129.66 | NOTE | |||
r-devel-linux-x86_64-fedora-gcc | 0.2.18 | 124.77 | NOTE | |||
r-devel-windows-x86_64 | 0.2.18 | 27.00 | 106.00 | 133.00 | OK | |
r-patched-linux-x86_64 | 0.2.18 | OK | ||||
r-release-linux-x86_64 | 0.2.18 | 20.34 | 67.32 | 87.66 | OK | |
r-release-macos-arm64 | 0.2.18 | 46.00 | OK | |||
r-release-macos-x86_64 | 0.2.18 | 60.00 | OK | |||
r-release-windows-x86_64 | 0.2.18 | 33.00 | 127.00 | 160.00 | OK | |
r-oldrel-macos-arm64 | 0.2.18 | 41.00 | NOTE | |||
r-oldrel-macos-x86_64 | 0.2.18 | 63.00 | NOTE | |||
r-oldrel-windows-x86_64 | 0.2.18 | 30.00 | 117.00 | 147.00 | OK |
Version: 0.2.18
Check: data for non-ASCII characters
Result: NOTE
Note: found 7332 marked UTF-8 strings
Flavors: r-devel-linux-x86_64-fedora-clang, r-devel-linux-x86_64-fedora-gcc, r-oldrel-macos-arm64, r-oldrel-macos-x86_64