Last updated on 2024-04-26 16:54:52 CEST.
Flavor | Version | Tinstall | Tcheck | Ttotal | Status | Flags |
---|---|---|---|---|---|---|
r-devel-linux-x86_64-debian-clang | 0.2.18 | 29.85 | 69.41 | 99.26 | OK | |
r-devel-linux-x86_64-debian-gcc | 0.2.18 | 23.72 | 51.56 | 75.28 | OK | |
r-devel-linux-x86_64-fedora-clang | 0.2.18 | 128.79 | NOTE | |||
r-devel-linux-x86_64-fedora-gcc | 0.2.18 | 127.91 | NOTE | |||
r-devel-windows-x86_64 | 0.2.18 | 26.00 | 106.00 | 132.00 | OK | |
r-patched-linux-x86_64 | 0.2.18 | 21.57 | 66.69 | 88.26 | OK | |
r-release-linux-x86_64 | 0.2.18 | 19.46 | 66.96 | 86.42 | OK | |
r-release-macos-arm64 | 0.2.18 | 41.00 | OK | |||
r-release-windows-x86_64 | 0.2.18 | 25.00 | 106.00 | 131.00 | OK | |
r-oldrel-macos-arm64 | 0.2.18 | 46.00 | OK | |||
r-oldrel-macos-x86_64 | 0.2.18 | 60.00 | OK | |||
r-oldrel-windows-x86_64 | 0.2.18 | 33.00 | 122.00 | 155.00 | OK |
Version: 0.2.18
Check: data for non-ASCII characters
Result: NOTE
Note: found 7332 marked UTF-8 strings
Flavors: r-devel-linux-x86_64-fedora-clang, r-devel-linux-x86_64-fedora-gcc