Last updated on 2024-04-20 00:56:16 CEST.
Flavor | Version | Tinstall | Tcheck | Ttotal | Status | Flags |
---|---|---|---|---|---|---|
r-devel-linux-x86_64-debian-clang | 0.5.1 | 10.19 | 73.47 | 83.66 | OK | |
r-devel-linux-x86_64-debian-gcc | 0.5.1 | OK | ||||
r-devel-linux-x86_64-fedora-clang | 0.5.1 | 111.12 | OK | |||
r-devel-linux-x86_64-fedora-gcc | 0.5.1 | 104.05 | OK | |||
r-prerel-macos-arm64 | 0.5.1 | 34.00 | OK | |||
r-prerel-macos-x86_64 | 0.5.1 | 101.00 | NOTE | |||
r-prerel-windows-x86_64 | 0.5.1 | 9.00 | 74.00 | 83.00 | OK | |
r-patched-linux-x86_64 | 0.5.1 | 5.82 | 67.78 | 73.60 | OK | |
r-release-linux-x86_64 | 0.5.1 | 5.69 | 67.92 | 73.61 | OK | |
r-release-macos-arm64 | 0.5.1 | 41.00 | NOTE | |||
r-release-macos-x86_64 | 0.5.1 | 87.00 | NOTE | |||
r-release-windows-x86_64 | 0.5.1 | 10.00 | 86.00 | 96.00 | OK | |
r-oldrel-macos-arm64 | 0.5.1 | 38.00 | OK | |||
r-oldrel-windows-x86_64 | 0.5.1 | 11.00 | 86.00 | 97.00 | OK |
Version: 0.5.1
Check: package dependencies
Result: NOTE
Package suggested but not available for checking: ‘arrow’
Flavor: r-prerel-macos-x86_64
Version: 0.5.1
Check: Rd cross-references
Result: NOTE
Package unavailable to check Rd xrefs: ‘arrow’
Flavor: r-prerel-macos-x86_64
Version: 0.5.1
Check: package dependencies
Result: NOTE
Package suggested but not available for checking: ‘rhdf5’
Flavors: r-release-macos-arm64, r-release-macos-x86_64