CRAN Package Check Results for Package nestedcv

Last updated on 2023-06-05 16:55:01 CEST.

Flavor Version Tinstall Tcheck Ttotal Status Flags
r-devel-linux-x86_64-debian-clang 0.6.4 22.03 337.85 359.88 OK
r-devel-linux-x86_64-debian-gcc 0.6.4 17.71 256.91 274.62 OK
r-devel-linux-x86_64-fedora-clang 0.6.4 451.36 OK
r-devel-linux-x86_64-fedora-gcc 0.6.4 451.25 OK
r-devel-windows-x86_64 0.6.4 18.00 486.00 504.00 OK
r-patched-linux-x86_64 0.6.4 24.85 328.82 353.67 OK
r-release-linux-x86_64 0.6.4 13.47 325.12 338.59 NOTE
r-release-macos-arm64 0.6.4 130.00 OK
r-release-macos-x86_64 0.6.1 217.00 OK
r-release-windows-x86_64 0.6.4 26.00 550.00 576.00 OK
r-oldrel-macos-arm64 0.6.4 134.00 OK
r-oldrel-macos-x86_64 0.6.4 172.00 OK
r-oldrel-windows-x86_64 0.6.4 25.00 623.00 648.00 OK

Check Details

Version: 0.6.4
Check: package dependencies
Result: NOTE
    Package suggested but not available for checking: ‘hsstan’
Flavor: r-release-linux-x86_64