Last updated on 2024-04-18 16:50:02 CEST.
Flavor | Version | Tinstall | Tcheck | Ttotal | Status | Flags |
---|---|---|---|---|---|---|
r-devel-linux-x86_64-debian-clang | 1.2.3 | 205.04 | 143.45 | 348.49 | OK | |
r-devel-linux-x86_64-debian-gcc | 1.2.3 | 148.25 | 106.25 | 254.50 | OK | |
r-devel-linux-x86_64-fedora-clang | 1.2.3 | 496.98 | OK | |||
r-devel-linux-x86_64-fedora-gcc | 1.2.3 | 490.43 | OK | |||
r-prerel-macos-arm64 | 1.2.3 | 105.00 | NOTE | |||
r-prerel-windows-x86_64 | 1.2.3 | 149.00 | 152.00 | 301.00 | OK | |
r-patched-linux-x86_64 | 1.2.3 | 196.72 | 136.50 | 333.22 | OK | |
r-release-linux-x86_64 | 1.2.3 | 198.57 | 138.97 | 337.54 | OK | |
r-release-macos-arm64 | 1.2.3 | 113.00 | NOTE | |||
r-release-macos-x86_64 | 1.2.3 | 202.00 | NOTE | |||
r-release-windows-x86_64 | 1.2.3 | 191.00 | 181.00 | 372.00 | OK | |
r-oldrel-macos-arm64 | 1.2.3 | 109.00 | NOTE | |||
r-oldrel-windows-x86_64 | 1.2.3 | 181.00 | 169.00 | 350.00 | OK |
Version: 1.2.3
Check: installed package size
Result: NOTE
installed size is 6.7Mb
sub-directories of 1Mb or more:
doc 1.6Mb
libs 4.9Mb
Flavors: r-prerel-macos-arm64, r-release-macos-arm64, r-release-macos-x86_64, r-oldrel-macos-arm64